{"id":1318,"date":"2025-05-14T15:04:11","date_gmt":"2025-05-14T13:04:11","guid":{"rendered":"https:\/\/richter.ceo\/coxs\/?post_type=product&#038;p=1318"},"modified":"2025-05-14T15:04:11","modified_gmt":"2025-05-14T13:04:11","slug":"matusalem-solera-7","status":"publish","type":"product","link":"https:\/\/richter.ceo\/coxs\/produkt\/matusalem-solera-7\/","title":{"rendered":"Matusalem Solera 7"},"content":{"rendered":"<div class=\"elementor-column elementor-col-50 elementor-inner-column elementor-element elementor-element-df5ea97\" data-id=\"df5ea97\" data-element_type=\"column\">\n<div class=\"elementor-widget-wrap elementor-element-populated\">\n<div class=\"elementor-element elementor-element-5f45f876 elementor-widget elementor-widget-woocommerce-product-short-description\" data-id=\"5f45f876\" data-element_type=\"widget\" data-widget_type=\"woocommerce-product-short-description.default\">\n<div class=\"elementor-widget-container\">\n<div class=\"woocommerce-product-details__short-description\">\n<p>Rumy Matusalem vynikaj\u00ed ve sv\u00e9 kategorii d\u00edky tomu, \u017ee maj\u00ed jedny z nejni\u017e\u0161\u00edch obsah\u016f cukru, d\u00edky \u010demu\u017e tvo\u0159\u00ed perfektn\u00ed z\u00e1klad jak pro modern\u00ed i klasick\u00e9 koktejly, tak pro samostatn\u00e9 pop\u00edjen\u00ed. Matusalem Solera 7 je vyr\u00e1b\u011bn podle vyr\u00e1b\u011bn podle tradi\u010dn\u00ed kub\u00e1nsk\u00e9 receptury, kdy v syst\u00e9mu solera zraje v pr\u016fm\u011bru sedm let. Jde o pln\u00fd rum s v\u00fdrazn\u00fdmi t\u00f3ny vanilky, javorov\u00e9ho sirupu a m\u00e1slov\u00fdch su\u0161enek, kter\u00e9 v z\u00e1v\u011bru podtrhne jemn\u00fd n\u00e1dech kandovan\u00e9 citrusov\u00e9 k\u016fry a ko\u0159en\u00ed.<\/p>\n<\/div>\n<\/div>\n<\/div>\n<\/div>\n<\/div>\n","protected":false},"excerpt":{"rendered":"<p>Rumy Matusalem vynikaj\u00ed ve sv\u00e9 kategorii d\u00edky tomu, \u017ee maj\u00ed jedny z nejni\u017e\u0161\u00edch obsah\u016f cukru, d\u00edky \u010demu\u017e tvo\u0159\u00ed perfektn\u00ed z\u00e1klad jak pro modern\u00ed i klasick\u00e9 koktejly, tak pro samostatn\u00e9 pop\u00edjen\u00ed. Matusalem Solera 7 je vyr\u00e1b\u011bn podle vyr\u00e1b\u011bn podle tradi\u010dn\u00ed kub\u00e1nsk\u00e9 receptury, kdy v syst\u00e9mu solera zraje v pr\u016fm\u011bru sedm let. Jde o pln\u00fd rum s [&hellip;]<\/p>\n","protected":false},"featured_media":1203,"template":"","meta":{"_acf_changed":false},"product_brand":[183],"product_cat":[117],"product_tag":[],"class_list":{"0":"post-1318","1":"product","2":"type-product","3":"status-publish","4":"has-post-thumbnail","6":"product_brand-matusalem","7":"product_cat-rum","8":"pa_cena-za-004-l","9":"pa_obsah-alkoholu-21","10":"pa_zeme-dominikanska-republika","12":"first","13":"instock","14":"shipping-taxable","15":"purchasable","16":"product-type-simple"},"acf":[],"yoast_head":"<!-- This site is optimized with the Yoast SEO plugin v27.4 - https:\/\/yoast.com\/product\/yoast-seo-wordpress\/ -->\n<title>Matusalem Solera 7<\/title>\n<meta name=\"description\" content=\"Rumy Matusalem vynikaj\u00ed ve sv\u00e9 kategorii d\u00edky tomu, \u017ee maj\u00ed jedny z nejni\u017e\u0161\u00edch obsah\u016f cukru, d\u00edky \u010demu\u017e tvo\u0159\u00ed perfektn\u00ed z\u00e1klad jak pro modern\u00ed i klasick\u00e9\" \/>\n<meta name=\"robots\" content=\"index, follow, max-snippet:-1, max-image-preview:large, max-video-preview:-1\" \/>\n<link rel=\"canonical\" href=\"https:\/\/richter.ceo\/coxs\/produkt\/matusalem-solera-7\/\" \/>\n<meta property=\"og:locale\" content=\"cs_CZ\" \/>\n<meta property=\"og:type\" content=\"article\" \/>\n<meta property=\"og:title\" content=\"Matusalem Solera 7\" \/>\n<meta property=\"og:description\" content=\"Rumy Matusalem vynikaj\u00ed ve sv\u00e9 kategorii d\u00edky tomu, \u017ee maj\u00ed jedny z nejni\u017e\u0161\u00edch obsah\u016f cukru, d\u00edky \u010demu\u017e tvo\u0159\u00ed perfektn\u00ed z\u00e1klad jak pro modern\u00ed i klasick\u00e9\" \/>\n<meta property=\"og:url\" content=\"https:\/\/richter.ceo\/coxs\/produkt\/matusalem-solera-7\/\" \/>\n<meta property=\"og:site_name\" content=\"COXS CLUB\" \/>\n<meta property=\"article:publisher\" content=\"https:\/\/www.facebook.com\/profile.php?id=100088204002615\" \/>\n<meta property=\"og:image\" content=\"https:\/\/richter.ceo\/coxs\/wp-content\/uploads\/sites\/4\/2025\/05\/2889_matusalem_solera_7.jpg\" \/>\n\t<meta property=\"og:image:width\" content=\"600\" \/>\n\t<meta property=\"og:image:height\" content=\"711\" \/>\n\t<meta property=\"og:image:type\" content=\"image\/jpeg\" \/>\n<meta name=\"twitter:card\" content=\"summary_large_image\" \/>\n<script type=\"application\/ld+json\" class=\"yoast-schema-graph\">{\"@context\":\"https:\\\/\\\/schema.org\",\"@graph\":[{\"@type\":\"WebPage\",\"@id\":\"https:\\\/\\\/richter.ceo\\\/coxs\\\/produkt\\\/matusalem-solera-7\\\/\",\"url\":\"https:\\\/\\\/richter.ceo\\\/coxs\\\/produkt\\\/matusalem-solera-7\\\/\",\"name\":\"Matusalem Solera 7\",\"isPartOf\":{\"@id\":\"https:\\\/\\\/richter.ceo\\\/coxs\\\/en\\\/#website\"},\"primaryImageOfPage\":{\"@id\":\"https:\\\/\\\/richter.ceo\\\/coxs\\\/produkt\\\/matusalem-solera-7\\\/#primaryimage\"},\"image\":{\"@id\":\"https:\\\/\\\/richter.ceo\\\/coxs\\\/produkt\\\/matusalem-solera-7\\\/#primaryimage\"},\"thumbnailUrl\":\"https:\\\/\\\/richter.ceo\\\/coxs\\\/wp-content\\\/uploads\\\/sites\\\/4\\\/2025\\\/05\\\/2889_matusalem_solera_7.jpg\",\"datePublished\":\"2025-05-14T13:04:11+00:00\",\"description\":\"Rumy Matusalem vynikaj\u00ed ve sv\u00e9 kategorii d\u00edky tomu, \u017ee maj\u00ed jedny z nejni\u017e\u0161\u00edch obsah\u016f cukru, d\u00edky \u010demu\u017e tvo\u0159\u00ed perfektn\u00ed z\u00e1klad jak pro modern\u00ed i klasick\u00e9\",\"breadcrumb\":{\"@id\":\"https:\\\/\\\/richter.ceo\\\/coxs\\\/produkt\\\/matusalem-solera-7\\\/#breadcrumb\"},\"inLanguage\":\"cs\",\"potentialAction\":[{\"@type\":\"ReadAction\",\"target\":[\"https:\\\/\\\/richter.ceo\\\/coxs\\\/produkt\\\/matusalem-solera-7\\\/\"]}]},{\"@type\":\"ImageObject\",\"inLanguage\":\"cs\",\"@id\":\"https:\\\/\\\/richter.ceo\\\/coxs\\\/produkt\\\/matusalem-solera-7\\\/#primaryimage\",\"url\":\"https:\\\/\\\/richter.ceo\\\/coxs\\\/wp-content\\\/uploads\\\/sites\\\/4\\\/2025\\\/05\\\/2889_matusalem_solera_7.jpg\",\"contentUrl\":\"https:\\\/\\\/richter.ceo\\\/coxs\\\/wp-content\\\/uploads\\\/sites\\\/4\\\/2025\\\/05\\\/2889_matusalem_solera_7.jpg\",\"width\":600,\"height\":711,\"caption\":\"COXS CLUB\"},{\"@type\":\"BreadcrumbList\",\"@id\":\"https:\\\/\\\/richter.ceo\\\/coxs\\\/produkt\\\/matusalem-solera-7\\\/#breadcrumb\",\"itemListElement\":[{\"@type\":\"ListItem\",\"position\":1,\"name\":\"Dom\u016f\",\"item\":\"https:\\\/\\\/richter.ceo\\\/coxs\\\/\"},{\"@type\":\"ListItem\",\"position\":2,\"name\":\"N\u00c1POJE\",\"item\":\"https:\\\/\\\/richter.ceo\\\/coxs\\\/en\\\/napoje\\\/\"},{\"@type\":\"ListItem\",\"position\":3,\"name\":\"Matusalem Solera 7\"}]},{\"@type\":\"WebSite\",\"@id\":\"https:\\\/\\\/richter.ceo\\\/coxs\\\/en\\\/#website\",\"url\":\"https:\\\/\\\/richter.ceo\\\/coxs\\\/en\\\/\",\"name\":\"COXS CLUB\",\"description\":\"Beton a Rum\",\"publisher\":{\"@id\":\"https:\\\/\\\/richter.ceo\\\/coxs\\\/en\\\/#organization\"},\"potentialAction\":[{\"@type\":\"SearchAction\",\"target\":{\"@type\":\"EntryPoint\",\"urlTemplate\":\"https:\\\/\\\/richter.ceo\\\/coxs\\\/en\\\/?s={search_term_string}\"},\"query-input\":{\"@type\":\"PropertyValueSpecification\",\"valueRequired\":true,\"valueName\":\"search_term_string\"}}],\"inLanguage\":\"cs\"},{\"@type\":\"Organization\",\"@id\":\"https:\\\/\\\/richter.ceo\\\/coxs\\\/en\\\/#organization\",\"name\":\"COXS CLUB\",\"url\":\"https:\\\/\\\/richter.ceo\\\/coxs\\\/en\\\/\",\"logo\":{\"@type\":\"ImageObject\",\"inLanguage\":\"cs\",\"@id\":\"https:\\\/\\\/richter.ceo\\\/coxs\\\/en\\\/#\\\/schema\\\/logo\\\/image\\\/\",\"url\":\"http:\\\/\\\/richter.ceo\\\/coxs\\\/wp-content\\\/uploads\\\/sites\\\/4\\\/2025\\\/05\\\/FAVICON-dark.webp\",\"contentUrl\":\"http:\\\/\\\/richter.ceo\\\/coxs\\\/wp-content\\\/uploads\\\/sites\\\/4\\\/2025\\\/05\\\/FAVICON-dark.webp\",\"width\":512,\"height\":512,\"caption\":\"COXS CLUB\"},\"image\":{\"@id\":\"https:\\\/\\\/richter.ceo\\\/coxs\\\/en\\\/#\\\/schema\\\/logo\\\/image\\\/\"},\"sameAs\":[\"https:\\\/\\\/www.facebook.com\\\/profile.php?id=100088204002615\",\"https:\\\/\\\/www.instagram.com\\\/coxs_coxs\\\/\"]}]}<\/script>\n<!-- \/ Yoast SEO plugin. -->","yoast_head_json":{"title":"Matusalem Solera 7","description":"Rumy Matusalem vynikaj\u00ed ve sv\u00e9 kategorii d\u00edky tomu, \u017ee maj\u00ed jedny z nejni\u017e\u0161\u00edch obsah\u016f cukru, d\u00edky \u010demu\u017e tvo\u0159\u00ed perfektn\u00ed z\u00e1klad jak pro modern\u00ed i klasick\u00e9","robots":{"index":"index","follow":"follow","max-snippet":"max-snippet:-1","max-image-preview":"max-image-preview:large","max-video-preview":"max-video-preview:-1"},"canonical":"https:\/\/richter.ceo\/coxs\/produkt\/matusalem-solera-7\/","og_locale":"cs_CZ","og_type":"article","og_title":"Matusalem Solera 7","og_description":"Rumy Matusalem vynikaj\u00ed ve sv\u00e9 kategorii d\u00edky tomu, \u017ee maj\u00ed jedny z nejni\u017e\u0161\u00edch obsah\u016f cukru, d\u00edky \u010demu\u017e tvo\u0159\u00ed perfektn\u00ed z\u00e1klad jak pro modern\u00ed i klasick\u00e9","og_url":"https:\/\/richter.ceo\/coxs\/produkt\/matusalem-solera-7\/","og_site_name":"COXS CLUB","article_publisher":"https:\/\/www.facebook.com\/profile.php?id=100088204002615","og_image":[{"width":600,"height":711,"url":"https:\/\/richter.ceo\/coxs\/wp-content\/uploads\/sites\/4\/2025\/05\/2889_matusalem_solera_7.jpg","type":"image\/jpeg"}],"twitter_card":"summary_large_image","schema":{"@context":"https:\/\/schema.org","@graph":[{"@type":"WebPage","@id":"https:\/\/richter.ceo\/coxs\/produkt\/matusalem-solera-7\/","url":"https:\/\/richter.ceo\/coxs\/produkt\/matusalem-solera-7\/","name":"Matusalem Solera 7","isPartOf":{"@id":"https:\/\/richter.ceo\/coxs\/en\/#website"},"primaryImageOfPage":{"@id":"https:\/\/richter.ceo\/coxs\/produkt\/matusalem-solera-7\/#primaryimage"},"image":{"@id":"https:\/\/richter.ceo\/coxs\/produkt\/matusalem-solera-7\/#primaryimage"},"thumbnailUrl":"https:\/\/richter.ceo\/coxs\/wp-content\/uploads\/sites\/4\/2025\/05\/2889_matusalem_solera_7.jpg","datePublished":"2025-05-14T13:04:11+00:00","description":"Rumy Matusalem vynikaj\u00ed ve sv\u00e9 kategorii d\u00edky tomu, \u017ee maj\u00ed jedny z nejni\u017e\u0161\u00edch obsah\u016f cukru, d\u00edky \u010demu\u017e tvo\u0159\u00ed perfektn\u00ed z\u00e1klad jak pro modern\u00ed i klasick\u00e9","breadcrumb":{"@id":"https:\/\/richter.ceo\/coxs\/produkt\/matusalem-solera-7\/#breadcrumb"},"inLanguage":"cs","potentialAction":[{"@type":"ReadAction","target":["https:\/\/richter.ceo\/coxs\/produkt\/matusalem-solera-7\/"]}]},{"@type":"ImageObject","inLanguage":"cs","@id":"https:\/\/richter.ceo\/coxs\/produkt\/matusalem-solera-7\/#primaryimage","url":"https:\/\/richter.ceo\/coxs\/wp-content\/uploads\/sites\/4\/2025\/05\/2889_matusalem_solera_7.jpg","contentUrl":"https:\/\/richter.ceo\/coxs\/wp-content\/uploads\/sites\/4\/2025\/05\/2889_matusalem_solera_7.jpg","width":600,"height":711,"caption":"COXS CLUB"},{"@type":"BreadcrumbList","@id":"https:\/\/richter.ceo\/coxs\/produkt\/matusalem-solera-7\/#breadcrumb","itemListElement":[{"@type":"ListItem","position":1,"name":"Dom\u016f","item":"https:\/\/richter.ceo\/coxs\/"},{"@type":"ListItem","position":2,"name":"N\u00c1POJE","item":"https:\/\/richter.ceo\/coxs\/en\/napoje\/"},{"@type":"ListItem","position":3,"name":"Matusalem Solera 7"}]},{"@type":"WebSite","@id":"https:\/\/richter.ceo\/coxs\/en\/#website","url":"https:\/\/richter.ceo\/coxs\/en\/","name":"COXS CLUB","description":"Beton a Rum","publisher":{"@id":"https:\/\/richter.ceo\/coxs\/en\/#organization"},"potentialAction":[{"@type":"SearchAction","target":{"@type":"EntryPoint","urlTemplate":"https:\/\/richter.ceo\/coxs\/en\/?s={search_term_string}"},"query-input":{"@type":"PropertyValueSpecification","valueRequired":true,"valueName":"search_term_string"}}],"inLanguage":"cs"},{"@type":"Organization","@id":"https:\/\/richter.ceo\/coxs\/en\/#organization","name":"COXS CLUB","url":"https:\/\/richter.ceo\/coxs\/en\/","logo":{"@type":"ImageObject","inLanguage":"cs","@id":"https:\/\/richter.ceo\/coxs\/en\/#\/schema\/logo\/image\/","url":"http:\/\/richter.ceo\/coxs\/wp-content\/uploads\/sites\/4\/2025\/05\/FAVICON-dark.webp","contentUrl":"http:\/\/richter.ceo\/coxs\/wp-content\/uploads\/sites\/4\/2025\/05\/FAVICON-dark.webp","width":512,"height":512,"caption":"COXS CLUB"},"image":{"@id":"https:\/\/richter.ceo\/coxs\/en\/#\/schema\/logo\/image\/"},"sameAs":["https:\/\/www.facebook.com\/profile.php?id=100088204002615","https:\/\/www.instagram.com\/coxs_coxs\/"]}]}},"_links":{"self":[{"href":"https:\/\/richter.ceo\/coxs\/wp-json\/wp\/v2\/product\/1318","targetHints":{"allow":["GET"]}}],"collection":[{"href":"https:\/\/richter.ceo\/coxs\/wp-json\/wp\/v2\/product"}],"about":[{"href":"https:\/\/richter.ceo\/coxs\/wp-json\/wp\/v2\/types\/product"}],"wp:featuredmedia":[{"embeddable":true,"href":"https:\/\/richter.ceo\/coxs\/wp-json\/wp\/v2\/media\/1203"}],"wp:attachment":[{"href":"https:\/\/richter.ceo\/coxs\/wp-json\/wp\/v2\/media?parent=1318"}],"wp:term":[{"taxonomy":"product_brand","embeddable":true,"href":"https:\/\/richter.ceo\/coxs\/wp-json\/wp\/v2\/product_brand?post=1318"},{"taxonomy":"product_cat","embeddable":true,"href":"https:\/\/richter.ceo\/coxs\/wp-json\/wp\/v2\/product_cat?post=1318"},{"taxonomy":"product_tag","embeddable":true,"href":"https:\/\/richter.ceo\/coxs\/wp-json\/wp\/v2\/product_tag?post=1318"}],"curies":[{"name":"wp","href":"https:\/\/api.w.org\/{rel}","templated":true}]}}