{"id":1328,"date":"2025-05-14T15:25:10","date_gmt":"2025-05-14T13:25:10","guid":{"rendered":"https:\/\/richter.ceo\/coxs\/?post_type=product&#038;p=1328"},"modified":"2025-05-14T15:25:10","modified_gmt":"2025-05-14T13:25:10","slug":"providence-first-drops","status":"publish","type":"product","link":"https:\/\/richter.ceo\/coxs\/produkt\/providence-first-drops\/","title":{"rendered":"Providence First Drops"},"content":{"rendered":"<p>Distillerie de Port-au-Prince byla na Haiti zalo\u017eena v roce 2018 a je tak je nejnov\u011bj\u0161\u00ed rumovou destileri\u00ed v Karibiku. Projekt za\u010dal jako spolupr\u00e1ce mezi rodinou Barbancourt-Linge (potomci slavn\u00e9 rumov\u00e9 dynastie Barbancourt) a La Maison &amp; Velier (spole\u010dn\u00fdm podnikem francouzsk\u00e9ho La Maison du Whisky a italsk\u00e9ho Velieru). Toto partnerstv\u00ed dalo vzniknout nov\u00e9 zna\u010dce rumu, Providence.<\/p>\n<p>&nbsp;<\/p>\n<p>Herbert Barbancourt-Linge Jr. zast\u00e1v\u00e1 v Distillerie de Port-au-Prince funkci master distillera a mana\u017eera. On a jeho rodina tak znovu objevuj\u00ed metody a techniky sv\u00fdch p\u0159edk\u016f, kte\u0159\u00ed na Haiti provozovali v letech 1870 a\u017e 1946 slavnou pal\u00edrnu Barbancourt.<\/p>\n<p>&nbsp;<\/p>\n<p>Providence \u201eFirst Drops\u201c je prvn\u00edm lahvovan\u00fdm rumem destilerie. Je to nezraj\u00edc\u00ed rum destilovan\u00fd ze sirupu i \u010derstv\u00e9 \u0161\u0165\u00e1vy z cukrov\u00e9 t\u0159tiny. Cukrovou t\u0159tinu odr\u016fdy Cristalline p\u011bstuje Michel Sajous v Saint Michel de l\u2019Attalaye, 150 km od Port-au-Prince. Fermentuj\u00ed se zvl\u00e1\u0161\u0165 sirup a \u0161\u0165\u00e1va, a to po dobu 10-12 dn\u016f v tanc\u00edch z nerezov\u00e9 oceli za pou\u017eit\u00ed vybran\u00fdch kvasinek. Pot\u00e9 jsou samostatn\u011b destilov\u00e1ny v kotl\u00edkov\u00e9m za\u0159\u00edzen\u00ed n\u011bmeck\u00e9 zna\u010dky M\u00fcller. V\u00fdsledn\u00e9 destil\u00e1ty jsou sm\u00edch\u00e1ny v pom\u011bru 85-90 % destil\u00e1tu ze sirupu a 10-15 % destil\u00e1tu z \u010derstv\u00e9 \u0161\u0165\u00e1vy, a destiluj\u00ed se podruh\u00e9. V\u00fdsledn\u00fd rum je z\u0159ed\u011bn na 57 % alkoholu.<\/p>\n<p>&nbsp;<\/p>\n<p>Profil: p\u0159\u00edrodn\u00ed, ovocn\u00fd<\/p>\n<p>Aroma: intenzivn\u00ed, s t\u00f3ny \u010derstv\u00e9 cukrov\u00e9 t\u0159tiny, bezinek a lehkou pikantnost\u00ed.<\/p>\n<p>Chu\u0165: jemn\u00e1 a hladk\u00e1, s t\u00f3ny ananasu, jahod a tmav\u00e9ho cukru.<\/p>\n<p>Z\u00e1v\u011br: elegantn\u00ed a mastn\u00fd, s t\u00f3ny \u010derstv\u00e9 cukrov\u00e9 t\u0159tiny, bylin a pep\u0159e.<\/p>\n<p>&nbsp;<\/p>\n<div class=\"elementor-column elementor-col-50 elementor-inner-column elementor-element elementor-element-df5ea97\" data-id=\"df5ea97\" data-element_type=\"column\">\n<div class=\"elementor-widget-wrap elementor-element-populated\">\n<div class=\"elementor-element elementor-element-5f45f876 elementor-widget elementor-widget-woocommerce-product-short-description\" data-id=\"5f45f876\" data-element_type=\"widget\" data-widget_type=\"woocommerce-product-short-description.default\">\n<div class=\"elementor-widget-container\">\n<div class=\"woocommerce-product-details__short-description\">\n<p>Providence je ide\u00e1ln\u00ed rum pro milovn\u00edky koktejl\u016f, kte\u0159\u00ed maj\u00ed ve sv\u00fdch drinc\u00edch r\u00e1di kvalitn\u00ed, v\u00fdrazn\u00fd b\u00edl\u00fd rum. Je v\u00fdborn\u00fd nap\u0159\u00edklad jako b\u00e1ze koktejl\u016f Ti\u2018Punch \u010di Daiquiri.<\/p>\n<\/div>\n<\/div>\n<\/div>\n<\/div>\n<\/div>\n","protected":false},"excerpt":{"rendered":"<p>Distillerie de Port-au-Prince byla na Haiti zalo\u017eena v roce 2018 a je tak je nejnov\u011bj\u0161\u00ed rumovou destileri\u00ed v Karibiku. Projekt za\u010dal jako spolupr\u00e1ce mezi rodinou Barbancourt-Linge (potomci slavn\u00e9 rumov\u00e9 dynastie Barbancourt) a La Maison &amp; Velier (spole\u010dn\u00fdm podnikem francouzsk\u00e9ho La Maison du Whisky a italsk\u00e9ho Velieru). Toto partnerstv\u00ed dalo vzniknout nov\u00e9 zna\u010dce rumu, Providence. &nbsp; [&hellip;]<\/p>\n","protected":false},"featured_media":1222,"template":"","meta":{"_acf_changed":false},"product_brand":[191],"product_cat":[117],"product_tag":[],"class_list":{"0":"post-1328","1":"product","2":"type-product","3":"status-publish","4":"has-post-thumbnail","6":"product_brand-providence","7":"product_cat-rum","8":"pa_cena-za-004-l","9":"pa_obsah-alkoholu-157","10":"pa_zeme-haiti","12":"first","13":"instock","14":"shipping-taxable","15":"purchasable","16":"product-type-simple"},"acf":[],"yoast_head":"<!-- This site is optimized with the Yoast SEO plugin v27.5 - https:\/\/yoast.com\/product\/yoast-seo-wordpress\/ -->\n<title>Providence First Drops<\/title>\n<meta name=\"description\" content=\"Distillerie de Port-au-Prince byla na Haiti zalo\u017eena v roce 2018 a je tak je nejnov\u011bj\u0161\u00ed rumovou destileri\u00ed v Karibiku. Projekt za\u010dal jako spolupr\u00e1ce mezi\" \/>\n<meta name=\"robots\" content=\"index, follow, max-snippet:-1, max-image-preview:large, max-video-preview:-1\" \/>\n<link rel=\"canonical\" href=\"https:\/\/richter.ceo\/coxs\/product\/providence-first-drops\/\" \/>\n<meta property=\"og:locale\" content=\"cs_CZ\" \/>\n<meta property=\"og:type\" content=\"article\" \/>\n<meta property=\"og:title\" content=\"Providence First Drops\" \/>\n<meta property=\"og:description\" content=\"Distillerie de Port-au-Prince byla na Haiti zalo\u017eena v roce 2018 a je tak je nejnov\u011bj\u0161\u00ed rumovou destileri\u00ed v Karibiku. Projekt za\u010dal jako spolupr\u00e1ce mezi\" \/>\n<meta property=\"og:url\" content=\"https:\/\/richter.ceo\/coxs\/product\/providence-first-drops\/\" \/>\n<meta property=\"og:site_name\" content=\"COXS CLUB\" \/>\n<meta property=\"article:publisher\" content=\"https:\/\/www.facebook.com\/profile.php?id=100088204002615\" \/>\n<meta property=\"og:image\" content=\"https:\/\/richter.ceo\/coxs\/wp-content\/uploads\/sites\/4\/2025\/05\/3127_providence_first_drops.jpg\" \/>\n\t<meta property=\"og:image:width\" content=\"600\" \/>\n\t<meta property=\"og:image:height\" content=\"711\" \/>\n\t<meta property=\"og:image:type\" content=\"image\/jpeg\" \/>\n<meta name=\"twitter:card\" content=\"summary_large_image\" \/>\n<meta name=\"twitter:label1\" content=\"Odhadovan\u00e1 doba \u010dten\u00ed\" \/>\n\t<meta name=\"twitter:data1\" content=\"2 minuty\" \/>\n<script type=\"application\/ld+json\" class=\"yoast-schema-graph\">{\"@context\":\"https:\\\/\\\/schema.org\",\"@graph\":[{\"@type\":\"WebPage\",\"@id\":\"https:\\\/\\\/richter.ceo\\\/coxs\\\/en\\\/product\\\/providence-first-drops\\\/\",\"url\":\"https:\\\/\\\/richter.ceo\\\/coxs\\\/en\\\/product\\\/providence-first-drops\\\/\",\"name\":\"Providence First Drops\",\"isPartOf\":{\"@id\":\"https:\\\/\\\/richter.ceo\\\/coxs\\\/en\\\/#website\"},\"primaryImageOfPage\":{\"@id\":\"https:\\\/\\\/richter.ceo\\\/coxs\\\/en\\\/product\\\/providence-first-drops\\\/#primaryimage\"},\"image\":{\"@id\":\"https:\\\/\\\/richter.ceo\\\/coxs\\\/en\\\/product\\\/providence-first-drops\\\/#primaryimage\"},\"thumbnailUrl\":\"https:\\\/\\\/richter.ceo\\\/coxs\\\/wp-content\\\/uploads\\\/sites\\\/4\\\/2025\\\/05\\\/3127_providence_first_drops.jpg\",\"datePublished\":\"2025-05-14T13:25:10+00:00\",\"description\":\"Distillerie de Port-au-Prince byla na Haiti zalo\u017eena v roce 2018 a je tak je nejnov\u011bj\u0161\u00ed rumovou destileri\u00ed v Karibiku. Projekt za\u010dal jako spolupr\u00e1ce mezi\",\"breadcrumb\":{\"@id\":\"https:\\\/\\\/richter.ceo\\\/coxs\\\/en\\\/product\\\/providence-first-drops\\\/#breadcrumb\"},\"inLanguage\":\"cs\",\"potentialAction\":[{\"@type\":\"ReadAction\",\"target\":[\"https:\\\/\\\/richter.ceo\\\/coxs\\\/en\\\/product\\\/providence-first-drops\\\/\"]}]},{\"@type\":\"ImageObject\",\"inLanguage\":\"cs\",\"@id\":\"https:\\\/\\\/richter.ceo\\\/coxs\\\/en\\\/product\\\/providence-first-drops\\\/#primaryimage\",\"url\":\"https:\\\/\\\/richter.ceo\\\/coxs\\\/wp-content\\\/uploads\\\/sites\\\/4\\\/2025\\\/05\\\/3127_providence_first_drops.jpg\",\"contentUrl\":\"https:\\\/\\\/richter.ceo\\\/coxs\\\/wp-content\\\/uploads\\\/sites\\\/4\\\/2025\\\/05\\\/3127_providence_first_drops.jpg\",\"width\":600,\"height\":711,\"caption\":\"COXS CLUB\"},{\"@type\":\"BreadcrumbList\",\"@id\":\"https:\\\/\\\/richter.ceo\\\/coxs\\\/en\\\/product\\\/providence-first-drops\\\/#breadcrumb\",\"itemListElement\":[{\"@type\":\"ListItem\",\"position\":1,\"name\":\"Dom\u016f\",\"item\":\"https:\\\/\\\/richter.ceo\\\/coxs\\\/\"},{\"@type\":\"ListItem\",\"position\":2,\"name\":\"N\u00c1POJE\",\"item\":\"https:\\\/\\\/richter.ceo\\\/coxs\\\/en\\\/napoje\\\/\"},{\"@type\":\"ListItem\",\"position\":3,\"name\":\"Providence First Drops\"}]},{\"@type\":\"WebSite\",\"@id\":\"https:\\\/\\\/richter.ceo\\\/coxs\\\/en\\\/#website\",\"url\":\"https:\\\/\\\/richter.ceo\\\/coxs\\\/en\\\/\",\"name\":\"COXS CLUB\",\"description\":\"Beton a Rum\",\"publisher\":{\"@id\":\"https:\\\/\\\/richter.ceo\\\/coxs\\\/en\\\/#organization\"},\"potentialAction\":[{\"@type\":\"SearchAction\",\"target\":{\"@type\":\"EntryPoint\",\"urlTemplate\":\"https:\\\/\\\/richter.ceo\\\/coxs\\\/en\\\/?s={search_term_string}\"},\"query-input\":{\"@type\":\"PropertyValueSpecification\",\"valueRequired\":true,\"valueName\":\"search_term_string\"}}],\"inLanguage\":\"cs\"},{\"@type\":\"Organization\",\"@id\":\"https:\\\/\\\/richter.ceo\\\/coxs\\\/en\\\/#organization\",\"name\":\"COXS CLUB\",\"url\":\"https:\\\/\\\/richter.ceo\\\/coxs\\\/en\\\/\",\"logo\":{\"@type\":\"ImageObject\",\"inLanguage\":\"cs\",\"@id\":\"https:\\\/\\\/richter.ceo\\\/coxs\\\/en\\\/#\\\/schema\\\/logo\\\/image\\\/\",\"url\":\"http:\\\/\\\/richter.ceo\\\/coxs\\\/wp-content\\\/uploads\\\/sites\\\/4\\\/2025\\\/05\\\/FAVICON-dark.webp\",\"contentUrl\":\"http:\\\/\\\/richter.ceo\\\/coxs\\\/wp-content\\\/uploads\\\/sites\\\/4\\\/2025\\\/05\\\/FAVICON-dark.webp\",\"width\":512,\"height\":512,\"caption\":\"COXS CLUB\"},\"image\":{\"@id\":\"https:\\\/\\\/richter.ceo\\\/coxs\\\/en\\\/#\\\/schema\\\/logo\\\/image\\\/\"},\"sameAs\":[\"https:\\\/\\\/www.facebook.com\\\/profile.php?id=100088204002615\",\"https:\\\/\\\/www.instagram.com\\\/coxs_coxs\\\/\"]}]}<\/script>\n<!-- \/ Yoast SEO plugin. -->","yoast_head_json":{"title":"Providence First Drops","description":"Distillerie de Port-au-Prince byla na Haiti zalo\u017eena v roce 2018 a je tak je nejnov\u011bj\u0161\u00ed rumovou destileri\u00ed v Karibiku. Projekt za\u010dal jako spolupr\u00e1ce mezi","robots":{"index":"index","follow":"follow","max-snippet":"max-snippet:-1","max-image-preview":"max-image-preview:large","max-video-preview":"max-video-preview:-1"},"canonical":"https:\/\/richter.ceo\/coxs\/product\/providence-first-drops\/","og_locale":"cs_CZ","og_type":"article","og_title":"Providence First Drops","og_description":"Distillerie de Port-au-Prince byla na Haiti zalo\u017eena v roce 2018 a je tak je nejnov\u011bj\u0161\u00ed rumovou destileri\u00ed v Karibiku. Projekt za\u010dal jako spolupr\u00e1ce mezi","og_url":"https:\/\/richter.ceo\/coxs\/product\/providence-first-drops\/","og_site_name":"COXS CLUB","article_publisher":"https:\/\/www.facebook.com\/profile.php?id=100088204002615","og_image":[{"width":600,"height":711,"url":"https:\/\/richter.ceo\/coxs\/wp-content\/uploads\/sites\/4\/2025\/05\/3127_providence_first_drops.jpg","type":"image\/jpeg"}],"twitter_card":"summary_large_image","twitter_misc":{"Odhadovan\u00e1 doba \u010dten\u00ed":"2 minuty"},"schema":{"@context":"https:\/\/schema.org","@graph":[{"@type":"WebPage","@id":"https:\/\/richter.ceo\/coxs\/en\/product\/providence-first-drops\/","url":"https:\/\/richter.ceo\/coxs\/en\/product\/providence-first-drops\/","name":"Providence First Drops","isPartOf":{"@id":"https:\/\/richter.ceo\/coxs\/en\/#website"},"primaryImageOfPage":{"@id":"https:\/\/richter.ceo\/coxs\/en\/product\/providence-first-drops\/#primaryimage"},"image":{"@id":"https:\/\/richter.ceo\/coxs\/en\/product\/providence-first-drops\/#primaryimage"},"thumbnailUrl":"https:\/\/richter.ceo\/coxs\/wp-content\/uploads\/sites\/4\/2025\/05\/3127_providence_first_drops.jpg","datePublished":"2025-05-14T13:25:10+00:00","description":"Distillerie de Port-au-Prince byla na Haiti zalo\u017eena v roce 2018 a je tak je nejnov\u011bj\u0161\u00ed rumovou destileri\u00ed v Karibiku. Projekt za\u010dal jako spolupr\u00e1ce mezi","breadcrumb":{"@id":"https:\/\/richter.ceo\/coxs\/en\/product\/providence-first-drops\/#breadcrumb"},"inLanguage":"cs","potentialAction":[{"@type":"ReadAction","target":["https:\/\/richter.ceo\/coxs\/en\/product\/providence-first-drops\/"]}]},{"@type":"ImageObject","inLanguage":"cs","@id":"https:\/\/richter.ceo\/coxs\/en\/product\/providence-first-drops\/#primaryimage","url":"https:\/\/richter.ceo\/coxs\/wp-content\/uploads\/sites\/4\/2025\/05\/3127_providence_first_drops.jpg","contentUrl":"https:\/\/richter.ceo\/coxs\/wp-content\/uploads\/sites\/4\/2025\/05\/3127_providence_first_drops.jpg","width":600,"height":711,"caption":"COXS CLUB"},{"@type":"BreadcrumbList","@id":"https:\/\/richter.ceo\/coxs\/en\/product\/providence-first-drops\/#breadcrumb","itemListElement":[{"@type":"ListItem","position":1,"name":"Dom\u016f","item":"https:\/\/richter.ceo\/coxs\/"},{"@type":"ListItem","position":2,"name":"N\u00c1POJE","item":"https:\/\/richter.ceo\/coxs\/en\/napoje\/"},{"@type":"ListItem","position":3,"name":"Providence First Drops"}]},{"@type":"WebSite","@id":"https:\/\/richter.ceo\/coxs\/en\/#website","url":"https:\/\/richter.ceo\/coxs\/en\/","name":"COXS CLUB","description":"Beton a Rum","publisher":{"@id":"https:\/\/richter.ceo\/coxs\/en\/#organization"},"potentialAction":[{"@type":"SearchAction","target":{"@type":"EntryPoint","urlTemplate":"https:\/\/richter.ceo\/coxs\/en\/?s={search_term_string}"},"query-input":{"@type":"PropertyValueSpecification","valueRequired":true,"valueName":"search_term_string"}}],"inLanguage":"cs"},{"@type":"Organization","@id":"https:\/\/richter.ceo\/coxs\/en\/#organization","name":"COXS CLUB","url":"https:\/\/richter.ceo\/coxs\/en\/","logo":{"@type":"ImageObject","inLanguage":"cs","@id":"https:\/\/richter.ceo\/coxs\/en\/#\/schema\/logo\/image\/","url":"http:\/\/richter.ceo\/coxs\/wp-content\/uploads\/sites\/4\/2025\/05\/FAVICON-dark.webp","contentUrl":"http:\/\/richter.ceo\/coxs\/wp-content\/uploads\/sites\/4\/2025\/05\/FAVICON-dark.webp","width":512,"height":512,"caption":"COXS CLUB"},"image":{"@id":"https:\/\/richter.ceo\/coxs\/en\/#\/schema\/logo\/image\/"},"sameAs":["https:\/\/www.facebook.com\/profile.php?id=100088204002615","https:\/\/www.instagram.com\/coxs_coxs\/"]}]}},"_links":{"self":[{"href":"https:\/\/richter.ceo\/coxs\/wp-json\/wp\/v2\/product\/1328","targetHints":{"allow":["GET"]}}],"collection":[{"href":"https:\/\/richter.ceo\/coxs\/wp-json\/wp\/v2\/product"}],"about":[{"href":"https:\/\/richter.ceo\/coxs\/wp-json\/wp\/v2\/types\/product"}],"wp:featuredmedia":[{"embeddable":true,"href":"https:\/\/richter.ceo\/coxs\/wp-json\/wp\/v2\/media\/1222"}],"wp:attachment":[{"href":"https:\/\/richter.ceo\/coxs\/wp-json\/wp\/v2\/media?parent=1328"}],"wp:term":[{"taxonomy":"product_brand","embeddable":true,"href":"https:\/\/richter.ceo\/coxs\/wp-json\/wp\/v2\/product_brand?post=1328"},{"taxonomy":"product_cat","embeddable":true,"href":"https:\/\/richter.ceo\/coxs\/wp-json\/wp\/v2\/product_cat?post=1328"},{"taxonomy":"product_tag","embeddable":true,"href":"https:\/\/richter.ceo\/coxs\/wp-json\/wp\/v2\/product_tag?post=1328"}],"curies":[{"name":"wp","href":"https:\/\/api.w.org\/{rel}","templated":true}]}}