{"id":1339,"date":"2025-05-14T15:48:39","date_gmt":"2025-05-14T13:48:39","guid":{"rendered":"https:\/\/richter.ceo\/coxs\/?post_type=product&#038;p=1339"},"modified":"2025-05-14T15:48:39","modified_gmt":"2025-05-14T13:48:39","slug":"diplomatico-seleccion-de-familia","status":"publish","type":"product","link":"https:\/\/richter.ceo\/coxs\/produkt\/diplomatico-seleccion-de-familia\/","title":{"rendered":"Diplom\u00e1tico Selecci\u00f3n de Familia"},"content":{"rendered":"<p>N\u00e1zev Selecci\u00f3n de Familia, tedy v p\u0159ekladu \u201ev\u00fdb\u011br rodiny\u201c, odkazuje na jedine\u010dnou povahu rodiny Ballesteros, kter\u00e1 stoj\u00ed za nez\u00e1vislou zna\u010dkou Diplom\u00e1tico, a na jej\u00ed v\u00e1\u0161e\u0148 pro \u0159emeslo a um\u011bn\u00ed v\u00fdroby rumu.<\/p>\n<p>&nbsp;<\/p>\n<p>Rum vznikl spoluprac\u00ed rodiny a t\u00fdmu maestros roneros Diplom\u00e1tico. Je to v\u00fdsledek projektu, kter\u00fd byl zah\u00e1jen p\u0159ed n\u011bkolika lety, kdy \u010dlenov\u00e9 rodiny spolu s maestros roneros vybrali sudy, kter\u00e9 dle jejich n\u00e1zoru nejl\u00e9pe definovaly styl a hodnoty zna\u010dky Diplom\u00e1tico.<\/p>\n<p>&nbsp;<\/p>\n<p>Selecci\u00f3n de Familia charakterizuje jemn\u00e1 chu\u0165 typick\u00e1 pro rumy Diplom\u00e1tico, ale jde o komplexn\u011bj\u0161\u00ed a sofistikovan\u011bj\u0161\u00ed blend. V porovn\u00e1n\u00ed s rumem Reserva Exclusiva obsahuje vy\u0161\u0161\u00ed pod\u00edl t\u011b\u017ek\u00fdch kotl\u00edkov\u00fdch rum\u016f, kter\u00e9 krom\u011b sud\u016f po bourbonu zr\u00e1ly i v sudech po sherry, a v chuti je tak rum dopln\u011bn o t\u00f3ny \u010derven\u00e9ho ovoce a ko\u0159en\u00ed. Je lahvov\u00e1n p\u0159i vy\u0161\u0161\u00ed s\u00edle 43 % alk. a m\u00e1 su\u0161\u0161\u00ed, robustn\u011bj\u0161\u00ed charakter.<\/p>\n<p>&nbsp;<\/p>\n<p>V\u00fdchoz\u00ed surovina: p\u0159ev\u00e1\u017en\u011b melasa, \u010d\u00e1ste\u010dn\u011b med z cukrov\u00e9 t\u0159tiny<\/p>\n<p>Destilace: 90 % m\u011bd\u011bn\u00e9 kotl\u00edkov\u00e9 za\u0159\u00edzen\u00ed (t\u011b\u017ek\u00e9 rumy), 10 % destila\u010dn\u00ed za\u0159\u00edzen\u00ed \u201eBatch Kettle\u201c a destila\u010dn\u00ed kolona (st\u0159edn\u011b t\u011b\u017ek\u00e9 a lehk\u00e9 rumy)<\/p>\n<p>Sudy: sudy z americk\u00e9ho b\u00edl\u00e9ho dubu, po bourbonu a po sherry<\/p>\n<p>Zr\u00e1n\u00ed: a\u017e 12 let<\/p>\n<p>&nbsp;<\/p>\n<p>Chu\u0165ov\u00fd profil:<\/p>\n<p>Aroma: vyv\u00e1\u017een\u00e9 aroma cukrov\u00e9 t\u0159tiny, medu a \u010derven\u00e9ho ovoce spolu s t\u00f3ny vanilky a medu<\/p>\n<div class=\"elementor-column elementor-col-50 elementor-inner-column elementor-element elementor-element-df5ea97\" data-id=\"df5ea97\" data-element_type=\"column\">\n<div class=\"elementor-widget-wrap elementor-element-populated\">\n<div class=\"elementor-element elementor-element-5f45f876 elementor-widget elementor-widget-woocommerce-product-short-description\" data-id=\"5f45f876\" data-element_type=\"widget\" data-widget_type=\"woocommerce-product-short-description.default\">\n<div class=\"elementor-widget-container\">\n<div class=\"woocommerce-product-details__short-description\">\n<p>Chu\u0165: t\u00f3ny d\u0159eva a \u0161vestek, kter\u00e9 se snoub\u00ed s t\u00f3ny karamelu, kter\u00e9 p\u0159ech\u00e1z\u00ed v dlouhotrvaj\u00edc\u00ed, hladk\u00e9 zakon\u010den\u00ed<\/p>\n<\/div>\n<\/div>\n<\/div>\n<\/div>\n<\/div>\n<div class=\"elementor-column elementor-col-50 elementor-inner-column elementor-element elementor-element-e91a9b4\" data-id=\"e91a9b4\" data-element_type=\"column\">\n<div class=\"elementor-widget-wrap elementor-element-populated\">\n<div class=\"elementor-element elementor-element-19195286 elementor-widget elementor-widget-heading\" data-id=\"19195286\" data-element_type=\"widget\" data-widget_type=\"heading.default\">\n<div class=\"elementor-widget-container\"><\/div>\n<\/div>\n<\/div>\n<\/div>\n<p>&nbsp;<\/p>\n","protected":false},"excerpt":{"rendered":"<p>N\u00e1zev Selecci\u00f3n de Familia, tedy v p\u0159ekladu \u201ev\u00fdb\u011br rodiny\u201c, odkazuje na jedine\u010dnou povahu rodiny Ballesteros, kter\u00e1 stoj\u00ed za nez\u00e1vislou zna\u010dkou Diplom\u00e1tico, a na jej\u00ed v\u00e1\u0161e\u0148 pro \u0159emeslo a um\u011bn\u00ed v\u00fdroby rumu. &nbsp; Rum vznikl spoluprac\u00ed rodiny a t\u00fdmu maestros roneros Diplom\u00e1tico. Je to v\u00fdsledek projektu, kter\u00fd byl zah\u00e1jen p\u0159ed n\u011bkolika lety, kdy \u010dlenov\u00e9 rodiny spolu [&hellip;]<\/p>\n","protected":false},"featured_media":1201,"template":"","meta":{"_acf_changed":false},"product_brand":[197],"product_cat":[117],"product_tag":[],"class_list":{"0":"post-1339","1":"product","2":"type-product","3":"status-publish","4":"has-post-thumbnail","6":"product_brand-diplomatico","7":"product_cat-rum","8":"pa_cena-za-004-l","9":"pa_obsah-alkoholu-56","10":"pa_zeme-venezuela","12":"first","13":"instock","14":"shipping-taxable","15":"purchasable","16":"product-type-simple"},"acf":[],"yoast_head":"<!-- This site is optimized with the Yoast SEO plugin v27.5 - https:\/\/yoast.com\/product\/yoast-seo-wordpress\/ -->\n<title>Diplom\u00e1tico Selecci\u00f3n de Familia<\/title>\n<meta name=\"description\" content=\"N\u00e1zev Selecci\u00f3n de Familia, tedy v p\u0159ekladu \u201ev\u00fdb\u011br rodiny\u201c, odkazuje na jedine\u010dnou povahu rodiny Ballesteros, kter\u00e1 stoj\u00ed za nez\u00e1vislou zna\u010dkou\" \/>\n<meta name=\"robots\" content=\"index, follow, max-snippet:-1, max-image-preview:large, max-video-preview:-1\" \/>\n<link rel=\"canonical\" href=\"https:\/\/richter.ceo\/coxs\/product\/diplomatico-seleccion-de-familia\/\" \/>\n<meta property=\"og:locale\" content=\"cs_CZ\" \/>\n<meta property=\"og:type\" content=\"article\" \/>\n<meta property=\"og:title\" content=\"Diplom\u00e1tico Selecci\u00f3n de Familia\" \/>\n<meta property=\"og:description\" content=\"N\u00e1zev Selecci\u00f3n de Familia, tedy v p\u0159ekladu \u201ev\u00fdb\u011br rodiny\u201c, odkazuje na jedine\u010dnou povahu rodiny Ballesteros, kter\u00e1 stoj\u00ed za nez\u00e1vislou zna\u010dkou\" \/>\n<meta property=\"og:url\" content=\"https:\/\/richter.ceo\/coxs\/product\/diplomatico-seleccion-de-familia\/\" \/>\n<meta property=\"og:site_name\" content=\"COXS CLUB\" \/>\n<meta property=\"article:publisher\" content=\"https:\/\/www.facebook.com\/profile.php?id=100088204002615\" \/>\n<meta property=\"og:image\" content=\"https:\/\/richter.ceo\/coxs\/wp-content\/uploads\/sites\/4\/2025\/05\/2863_diplomatico_seleccion_de_familia_bottle-864x1024-1.jpg\" \/>\n\t<meta property=\"og:image:width\" content=\"864\" \/>\n\t<meta property=\"og:image:height\" content=\"1024\" \/>\n\t<meta property=\"og:image:type\" content=\"image\/jpeg\" \/>\n<meta name=\"twitter:card\" content=\"summary_large_image\" \/>\n<meta name=\"twitter:label1\" content=\"Odhadovan\u00e1 doba \u010dten\u00ed\" \/>\n\t<meta name=\"twitter:data1\" content=\"1 minuta\" \/>\n<script type=\"application\/ld+json\" class=\"yoast-schema-graph\">{\"@context\":\"https:\\\/\\\/schema.org\",\"@graph\":[{\"@type\":\"WebPage\",\"@id\":\"https:\\\/\\\/richter.ceo\\\/coxs\\\/en\\\/product\\\/diplomatico-seleccion-de-familia\\\/\",\"url\":\"https:\\\/\\\/richter.ceo\\\/coxs\\\/en\\\/product\\\/diplomatico-seleccion-de-familia\\\/\",\"name\":\"Diplom\u00e1tico Selecci\u00f3n de Familia\",\"isPartOf\":{\"@id\":\"https:\\\/\\\/richter.ceo\\\/coxs\\\/en\\\/#website\"},\"primaryImageOfPage\":{\"@id\":\"https:\\\/\\\/richter.ceo\\\/coxs\\\/en\\\/product\\\/diplomatico-seleccion-de-familia\\\/#primaryimage\"},\"image\":{\"@id\":\"https:\\\/\\\/richter.ceo\\\/coxs\\\/en\\\/product\\\/diplomatico-seleccion-de-familia\\\/#primaryimage\"},\"thumbnailUrl\":\"https:\\\/\\\/richter.ceo\\\/coxs\\\/wp-content\\\/uploads\\\/sites\\\/4\\\/2025\\\/05\\\/2863_diplomatico_seleccion_de_familia_bottle-864x1024-1.jpg\",\"datePublished\":\"2025-05-14T13:48:39+00:00\",\"description\":\"N\u00e1zev Selecci\u00f3n de Familia, tedy v p\u0159ekladu \u201ev\u00fdb\u011br rodiny\u201c, odkazuje na jedine\u010dnou povahu rodiny Ballesteros, kter\u00e1 stoj\u00ed za nez\u00e1vislou zna\u010dkou\",\"breadcrumb\":{\"@id\":\"https:\\\/\\\/richter.ceo\\\/coxs\\\/en\\\/product\\\/diplomatico-seleccion-de-familia\\\/#breadcrumb\"},\"inLanguage\":\"cs\",\"potentialAction\":[{\"@type\":\"ReadAction\",\"target\":[\"https:\\\/\\\/richter.ceo\\\/coxs\\\/en\\\/product\\\/diplomatico-seleccion-de-familia\\\/\"]}]},{\"@type\":\"ImageObject\",\"inLanguage\":\"cs\",\"@id\":\"https:\\\/\\\/richter.ceo\\\/coxs\\\/en\\\/product\\\/diplomatico-seleccion-de-familia\\\/#primaryimage\",\"url\":\"https:\\\/\\\/richter.ceo\\\/coxs\\\/wp-content\\\/uploads\\\/sites\\\/4\\\/2025\\\/05\\\/2863_diplomatico_seleccion_de_familia_bottle-864x1024-1.jpg\",\"contentUrl\":\"https:\\\/\\\/richter.ceo\\\/coxs\\\/wp-content\\\/uploads\\\/sites\\\/4\\\/2025\\\/05\\\/2863_diplomatico_seleccion_de_familia_bottle-864x1024-1.jpg\",\"width\":864,\"height\":1024,\"caption\":\"COXS CLUB\"},{\"@type\":\"BreadcrumbList\",\"@id\":\"https:\\\/\\\/richter.ceo\\\/coxs\\\/en\\\/product\\\/diplomatico-seleccion-de-familia\\\/#breadcrumb\",\"itemListElement\":[{\"@type\":\"ListItem\",\"position\":1,\"name\":\"Dom\u016f\",\"item\":\"https:\\\/\\\/richter.ceo\\\/coxs\\\/\"},{\"@type\":\"ListItem\",\"position\":2,\"name\":\"N\u00c1POJE\",\"item\":\"https:\\\/\\\/richter.ceo\\\/coxs\\\/en\\\/napoje\\\/\"},{\"@type\":\"ListItem\",\"position\":3,\"name\":\"Diplom\u00e1tico Selecci\u00f3n de Familia\"}]},{\"@type\":\"WebSite\",\"@id\":\"https:\\\/\\\/richter.ceo\\\/coxs\\\/en\\\/#website\",\"url\":\"https:\\\/\\\/richter.ceo\\\/coxs\\\/en\\\/\",\"name\":\"COXS CLUB\",\"description\":\"Beton a Rum\",\"publisher\":{\"@id\":\"https:\\\/\\\/richter.ceo\\\/coxs\\\/en\\\/#organization\"},\"potentialAction\":[{\"@type\":\"SearchAction\",\"target\":{\"@type\":\"EntryPoint\",\"urlTemplate\":\"https:\\\/\\\/richter.ceo\\\/coxs\\\/en\\\/?s={search_term_string}\"},\"query-input\":{\"@type\":\"PropertyValueSpecification\",\"valueRequired\":true,\"valueName\":\"search_term_string\"}}],\"inLanguage\":\"cs\"},{\"@type\":\"Organization\",\"@id\":\"https:\\\/\\\/richter.ceo\\\/coxs\\\/en\\\/#organization\",\"name\":\"COXS CLUB\",\"url\":\"https:\\\/\\\/richter.ceo\\\/coxs\\\/en\\\/\",\"logo\":{\"@type\":\"ImageObject\",\"inLanguage\":\"cs\",\"@id\":\"https:\\\/\\\/richter.ceo\\\/coxs\\\/en\\\/#\\\/schema\\\/logo\\\/image\\\/\",\"url\":\"http:\\\/\\\/richter.ceo\\\/coxs\\\/wp-content\\\/uploads\\\/sites\\\/4\\\/2025\\\/05\\\/FAVICON-dark.webp\",\"contentUrl\":\"http:\\\/\\\/richter.ceo\\\/coxs\\\/wp-content\\\/uploads\\\/sites\\\/4\\\/2025\\\/05\\\/FAVICON-dark.webp\",\"width\":512,\"height\":512,\"caption\":\"COXS CLUB\"},\"image\":{\"@id\":\"https:\\\/\\\/richter.ceo\\\/coxs\\\/en\\\/#\\\/schema\\\/logo\\\/image\\\/\"},\"sameAs\":[\"https:\\\/\\\/www.facebook.com\\\/profile.php?id=100088204002615\",\"https:\\\/\\\/www.instagram.com\\\/coxs_coxs\\\/\"]}]}<\/script>\n<!-- \/ Yoast SEO plugin. -->","yoast_head_json":{"title":"Diplom\u00e1tico Selecci\u00f3n de Familia","description":"N\u00e1zev Selecci\u00f3n de Familia, tedy v p\u0159ekladu \u201ev\u00fdb\u011br rodiny\u201c, odkazuje na jedine\u010dnou povahu rodiny Ballesteros, kter\u00e1 stoj\u00ed za nez\u00e1vislou zna\u010dkou","robots":{"index":"index","follow":"follow","max-snippet":"max-snippet:-1","max-image-preview":"max-image-preview:large","max-video-preview":"max-video-preview:-1"},"canonical":"https:\/\/richter.ceo\/coxs\/product\/diplomatico-seleccion-de-familia\/","og_locale":"cs_CZ","og_type":"article","og_title":"Diplom\u00e1tico Selecci\u00f3n de Familia","og_description":"N\u00e1zev Selecci\u00f3n de Familia, tedy v p\u0159ekladu \u201ev\u00fdb\u011br rodiny\u201c, odkazuje na jedine\u010dnou povahu rodiny Ballesteros, kter\u00e1 stoj\u00ed za nez\u00e1vislou zna\u010dkou","og_url":"https:\/\/richter.ceo\/coxs\/product\/diplomatico-seleccion-de-familia\/","og_site_name":"COXS CLUB","article_publisher":"https:\/\/www.facebook.com\/profile.php?id=100088204002615","og_image":[{"width":864,"height":1024,"url":"https:\/\/richter.ceo\/coxs\/wp-content\/uploads\/sites\/4\/2025\/05\/2863_diplomatico_seleccion_de_familia_bottle-864x1024-1.jpg","type":"image\/jpeg"}],"twitter_card":"summary_large_image","twitter_misc":{"Odhadovan\u00e1 doba \u010dten\u00ed":"1 minuta"},"schema":{"@context":"https:\/\/schema.org","@graph":[{"@type":"WebPage","@id":"https:\/\/richter.ceo\/coxs\/en\/product\/diplomatico-seleccion-de-familia\/","url":"https:\/\/richter.ceo\/coxs\/en\/product\/diplomatico-seleccion-de-familia\/","name":"Diplom\u00e1tico Selecci\u00f3n de Familia","isPartOf":{"@id":"https:\/\/richter.ceo\/coxs\/en\/#website"},"primaryImageOfPage":{"@id":"https:\/\/richter.ceo\/coxs\/en\/product\/diplomatico-seleccion-de-familia\/#primaryimage"},"image":{"@id":"https:\/\/richter.ceo\/coxs\/en\/product\/diplomatico-seleccion-de-familia\/#primaryimage"},"thumbnailUrl":"https:\/\/richter.ceo\/coxs\/wp-content\/uploads\/sites\/4\/2025\/05\/2863_diplomatico_seleccion_de_familia_bottle-864x1024-1.jpg","datePublished":"2025-05-14T13:48:39+00:00","description":"N\u00e1zev Selecci\u00f3n de Familia, tedy v p\u0159ekladu \u201ev\u00fdb\u011br rodiny\u201c, odkazuje na jedine\u010dnou povahu rodiny Ballesteros, kter\u00e1 stoj\u00ed za nez\u00e1vislou zna\u010dkou","breadcrumb":{"@id":"https:\/\/richter.ceo\/coxs\/en\/product\/diplomatico-seleccion-de-familia\/#breadcrumb"},"inLanguage":"cs","potentialAction":[{"@type":"ReadAction","target":["https:\/\/richter.ceo\/coxs\/en\/product\/diplomatico-seleccion-de-familia\/"]}]},{"@type":"ImageObject","inLanguage":"cs","@id":"https:\/\/richter.ceo\/coxs\/en\/product\/diplomatico-seleccion-de-familia\/#primaryimage","url":"https:\/\/richter.ceo\/coxs\/wp-content\/uploads\/sites\/4\/2025\/05\/2863_diplomatico_seleccion_de_familia_bottle-864x1024-1.jpg","contentUrl":"https:\/\/richter.ceo\/coxs\/wp-content\/uploads\/sites\/4\/2025\/05\/2863_diplomatico_seleccion_de_familia_bottle-864x1024-1.jpg","width":864,"height":1024,"caption":"COXS CLUB"},{"@type":"BreadcrumbList","@id":"https:\/\/richter.ceo\/coxs\/en\/product\/diplomatico-seleccion-de-familia\/#breadcrumb","itemListElement":[{"@type":"ListItem","position":1,"name":"Dom\u016f","item":"https:\/\/richter.ceo\/coxs\/"},{"@type":"ListItem","position":2,"name":"N\u00c1POJE","item":"https:\/\/richter.ceo\/coxs\/en\/napoje\/"},{"@type":"ListItem","position":3,"name":"Diplom\u00e1tico Selecci\u00f3n de Familia"}]},{"@type":"WebSite","@id":"https:\/\/richter.ceo\/coxs\/en\/#website","url":"https:\/\/richter.ceo\/coxs\/en\/","name":"COXS CLUB","description":"Beton a Rum","publisher":{"@id":"https:\/\/richter.ceo\/coxs\/en\/#organization"},"potentialAction":[{"@type":"SearchAction","target":{"@type":"EntryPoint","urlTemplate":"https:\/\/richter.ceo\/coxs\/en\/?s={search_term_string}"},"query-input":{"@type":"PropertyValueSpecification","valueRequired":true,"valueName":"search_term_string"}}],"inLanguage":"cs"},{"@type":"Organization","@id":"https:\/\/richter.ceo\/coxs\/en\/#organization","name":"COXS CLUB","url":"https:\/\/richter.ceo\/coxs\/en\/","logo":{"@type":"ImageObject","inLanguage":"cs","@id":"https:\/\/richter.ceo\/coxs\/en\/#\/schema\/logo\/image\/","url":"http:\/\/richter.ceo\/coxs\/wp-content\/uploads\/sites\/4\/2025\/05\/FAVICON-dark.webp","contentUrl":"http:\/\/richter.ceo\/coxs\/wp-content\/uploads\/sites\/4\/2025\/05\/FAVICON-dark.webp","width":512,"height":512,"caption":"COXS CLUB"},"image":{"@id":"https:\/\/richter.ceo\/coxs\/en\/#\/schema\/logo\/image\/"},"sameAs":["https:\/\/www.facebook.com\/profile.php?id=100088204002615","https:\/\/www.instagram.com\/coxs_coxs\/"]}]}},"_links":{"self":[{"href":"https:\/\/richter.ceo\/coxs\/wp-json\/wp\/v2\/product\/1339","targetHints":{"allow":["GET"]}}],"collection":[{"href":"https:\/\/richter.ceo\/coxs\/wp-json\/wp\/v2\/product"}],"about":[{"href":"https:\/\/richter.ceo\/coxs\/wp-json\/wp\/v2\/types\/product"}],"wp:featuredmedia":[{"embeddable":true,"href":"https:\/\/richter.ceo\/coxs\/wp-json\/wp\/v2\/media\/1201"}],"wp:attachment":[{"href":"https:\/\/richter.ceo\/coxs\/wp-json\/wp\/v2\/media?parent=1339"}],"wp:term":[{"taxonomy":"product_brand","embeddable":true,"href":"https:\/\/richter.ceo\/coxs\/wp-json\/wp\/v2\/product_brand?post=1339"},{"taxonomy":"product_cat","embeddable":true,"href":"https:\/\/richter.ceo\/coxs\/wp-json\/wp\/v2\/product_cat?post=1339"},{"taxonomy":"product_tag","embeddable":true,"href":"https:\/\/richter.ceo\/coxs\/wp-json\/wp\/v2\/product_tag?post=1339"}],"curies":[{"name":"wp","href":"https:\/\/api.w.org\/{rel}","templated":true}]}}