{"id":1398,"date":"2025-05-14T18:43:16","date_gmt":"2025-05-14T16:43:16","guid":{"rendered":"https:\/\/richter.ceo\/coxs\/?post_type=product&#038;p=1398"},"modified":"2025-05-14T18:43:16","modified_gmt":"2025-05-14T16:43:16","slug":"rum-nation-british-guyana-7-y-o-cask","status":"publish","type":"product","link":"https:\/\/richter.ceo\/coxs\/produkt\/rum-nation-british-guyana-7-y-o-cask\/","title":{"rendered":"Rum Nation British Guyana 7 Y.O. Cask"},"content":{"rendered":"<p>Spole\u010dnost Rum Nation vyb\u00edr\u00e1 ty nejkvalitn\u011bj\u0161\u00ed m\u00edstn\u00ed rumy, kter\u00e9 nejl\u00e9pe vystihuj\u00ed charakter rum\u016f z dan\u00fdch oblast\u00ed.<\/p>\n<p>&nbsp;<\/p>\n<p>Tento rum z Britsk\u00e9 Guyany nejprve zr\u00e1l kr\u00e1tce v tropick\u00e9m podneb\u00ed a n\u00e1sledn\u011b byl p\u0159em\u00edst\u011bn do Evropy, kde d\u00e1le zr\u00e1l v podruh\u00e9 pou\u017eit\u00fdch sudech po sherry. Jde o blend t\u011b\u017ek\u00fdch rum\u016f z 250 let star\u00e9ho d\u0159ev\u011bn\u00e9ho destila\u010dn\u00edho za\u0159\u00edzen\u00ed a leh\u010d\u00edch rum\u016f z d\u0159ev\u011bn\u00e9 destila\u010dn\u00ed kolony, jeho\u017e chu\u0165 odr\u00e1\u017e\u00ed bohatou chu\u0165 cukrov\u00e9 t\u0159tiny Demerara.<\/p>\n<p>&nbsp;<\/p>\n<div class=\"elementor-column elementor-col-50 elementor-inner-column elementor-element elementor-element-df5ea97\" data-id=\"df5ea97\" data-element_type=\"column\">\n<div class=\"elementor-widget-wrap elementor-element-populated\">\n<div class=\"elementor-element elementor-element-5f45f876 elementor-widget elementor-widget-woocommerce-product-short-description\" data-id=\"5f45f876\" data-element_type=\"widget\" data-widget_type=\"woocommerce-product-short-description.default\">\n<div class=\"elementor-widget-container\">\n<div class=\"woocommerce-product-details__short-description\">\n<p>M\u00e1 intenzivn\u00ed v\u016fni, ve kter\u00e9 je patrn\u00e1 s\u00edla alkoholu a aromatick\u00e9 estery, spolu s t\u00f3ny zral\u00fdch datl\u00ed, sladk\u00e9ho tropick\u00e9ho ovoce, \u010dokol\u00e1dy a krabic od doutn\u00edk\u016f. Na pat\u0159e je such\u00fd a \u010dist\u00fd, s nep\u0159\u00edli\u0161 v\u00fdrazn\u00fdm vinn\u00fdm charakterem, kter\u00e9 dod\u00e1vaj\u00ed sudy po sherry. V chuti se projevuj\u00ed t\u00f3ny sult\u00e1nek, fermentovan\u00e9ho ovoce a esterov\u00e1 intenzita, ov\u0161em v p\u0159\u00edm\u00e9m, nesladk\u00e9m, velmi ko\u0159en\u011bn\u00e9m profilu se spoustou pep\u0159e a sko\u0159ice. Ko\u0159en\u011bnost se v z\u00e1v\u011bru stup\u0148uje.<\/p>\n<\/div>\n<\/div>\n<\/div>\n<\/div>\n<\/div>\n","protected":false},"excerpt":{"rendered":"<p>Spole\u010dnost Rum Nation vyb\u00edr\u00e1 ty nejkvalitn\u011bj\u0161\u00ed m\u00edstn\u00ed rumy, kter\u00e9 nejl\u00e9pe vystihuj\u00ed charakter rum\u016f z dan\u00fdch oblast\u00ed. &nbsp; Tento rum z Britsk\u00e9 Guyany nejprve zr\u00e1l kr\u00e1tce v tropick\u00e9m podneb\u00ed a n\u00e1sledn\u011b byl p\u0159em\u00edst\u011bn do Evropy, kde d\u00e1le zr\u00e1l v podruh\u00e9 pou\u017eit\u00fdch sudech po sherry. Jde o blend t\u011b\u017ek\u00fdch rum\u016f z 250 let star\u00e9ho d\u0159ev\u011bn\u00e9ho destila\u010dn\u00edho za\u0159\u00edzen\u00ed [&hellip;]<\/p>\n","protected":false},"featured_media":1277,"template":"","meta":{"_acf_changed":false},"product_brand":[236],"product_cat":[117],"product_tag":[],"class_list":{"0":"post-1398","1":"product","2":"type-product","3":"status-publish","4":"has-post-thumbnail","6":"product_brand-rum-nation","7":"product_cat-rum","8":"pa_cena-za-004-l","9":"pa_obsah-alkoholu-59-2","10":"pa_zeme-britska-guyana","12":"first","13":"instock","14":"shipping-taxable","15":"purchasable","16":"product-type-simple"},"acf":[],"yoast_head":"<!-- This site is optimized with the Yoast SEO plugin v27.5 - https:\/\/yoast.com\/product\/yoast-seo-wordpress\/ -->\n<title>Rum Nation British Guyana 7 Y.O. Cask<\/title>\n<meta name=\"description\" content=\"Spole\u010dnost Rum Nation vyb\u00edr\u00e1 ty nejkvalitn\u011bj\u0161\u00ed m\u00edstn\u00ed rumy, kter\u00e9 nejl\u00e9pe vystihuj\u00ed charakter rum\u016f z dan\u00fdch oblast\u00ed. &nbsp; Tento rum z Britsk\u00e9 Guyany\" \/>\n<meta name=\"robots\" content=\"index, follow, max-snippet:-1, max-image-preview:large, max-video-preview:-1\" \/>\n<link rel=\"canonical\" href=\"https:\/\/richter.ceo\/coxs\/produkt\/rum-nation-british-guyana-7-y-o-cask\/\" \/>\n<meta property=\"og:locale\" content=\"cs_CZ\" \/>\n<meta property=\"og:type\" content=\"article\" \/>\n<meta property=\"og:title\" content=\"Rum Nation British Guyana 7 Y.O. Cask\" \/>\n<meta property=\"og:description\" content=\"Spole\u010dnost Rum Nation vyb\u00edr\u00e1 ty nejkvalitn\u011bj\u0161\u00ed m\u00edstn\u00ed rumy, kter\u00e9 nejl\u00e9pe vystihuj\u00ed charakter rum\u016f z dan\u00fdch oblast\u00ed. &nbsp; Tento rum z Britsk\u00e9 Guyany\" \/>\n<meta property=\"og:url\" content=\"https:\/\/richter.ceo\/coxs\/produkt\/rum-nation-british-guyana-7-y-o-cask\/\" \/>\n<meta property=\"og:site_name\" content=\"COXS CLUB\" \/>\n<meta property=\"article:publisher\" content=\"https:\/\/www.facebook.com\/profile.php?id=100088204002615\" \/>\n<meta property=\"og:image\" content=\"https:\/\/richter.ceo\/coxs\/wp-content\/uploads\/sites\/4\/2025\/05\/3250_rum_nation_british_guyana_7yo_cask_strength.jpg\" \/>\n\t<meta property=\"og:image:width\" content=\"600\" \/>\n\t<meta property=\"og:image:height\" content=\"711\" \/>\n\t<meta property=\"og:image:type\" content=\"image\/jpeg\" \/>\n<meta name=\"twitter:card\" content=\"summary_large_image\" \/>\n<meta name=\"twitter:label1\" content=\"Odhadovan\u00e1 doba \u010dten\u00ed\" \/>\n\t<meta name=\"twitter:data1\" content=\"1 minuta\" \/>\n<script type=\"application\/ld+json\" class=\"yoast-schema-graph\">{\"@context\":\"https:\\\/\\\/schema.org\",\"@graph\":[{\"@type\":\"WebPage\",\"@id\":\"https:\\\/\\\/richter.ceo\\\/coxs\\\/produkt\\\/rum-nation-british-guyana-7-y-o-cask\\\/\",\"url\":\"https:\\\/\\\/richter.ceo\\\/coxs\\\/produkt\\\/rum-nation-british-guyana-7-y-o-cask\\\/\",\"name\":\"Rum Nation British Guyana 7 Y.O. Cask\",\"isPartOf\":{\"@id\":\"https:\\\/\\\/richter.ceo\\\/coxs\\\/en\\\/#website\"},\"primaryImageOfPage\":{\"@id\":\"https:\\\/\\\/richter.ceo\\\/coxs\\\/produkt\\\/rum-nation-british-guyana-7-y-o-cask\\\/#primaryimage\"},\"image\":{\"@id\":\"https:\\\/\\\/richter.ceo\\\/coxs\\\/produkt\\\/rum-nation-british-guyana-7-y-o-cask\\\/#primaryimage\"},\"thumbnailUrl\":\"https:\\\/\\\/richter.ceo\\\/coxs\\\/wp-content\\\/uploads\\\/sites\\\/4\\\/2025\\\/05\\\/3250_rum_nation_british_guyana_7yo_cask_strength.jpg\",\"datePublished\":\"2025-05-14T16:43:16+00:00\",\"description\":\"Spole\u010dnost Rum Nation vyb\u00edr\u00e1 ty nejkvalitn\u011bj\u0161\u00ed m\u00edstn\u00ed rumy, kter\u00e9 nejl\u00e9pe vystihuj\u00ed charakter rum\u016f z dan\u00fdch oblast\u00ed. &nbsp; Tento rum z Britsk\u00e9 Guyany\",\"breadcrumb\":{\"@id\":\"https:\\\/\\\/richter.ceo\\\/coxs\\\/produkt\\\/rum-nation-british-guyana-7-y-o-cask\\\/#breadcrumb\"},\"inLanguage\":\"cs\",\"potentialAction\":[{\"@type\":\"ReadAction\",\"target\":[\"https:\\\/\\\/richter.ceo\\\/coxs\\\/produkt\\\/rum-nation-british-guyana-7-y-o-cask\\\/\"]}]},{\"@type\":\"ImageObject\",\"inLanguage\":\"cs\",\"@id\":\"https:\\\/\\\/richter.ceo\\\/coxs\\\/produkt\\\/rum-nation-british-guyana-7-y-o-cask\\\/#primaryimage\",\"url\":\"https:\\\/\\\/richter.ceo\\\/coxs\\\/wp-content\\\/uploads\\\/sites\\\/4\\\/2025\\\/05\\\/3250_rum_nation_british_guyana_7yo_cask_strength.jpg\",\"contentUrl\":\"https:\\\/\\\/richter.ceo\\\/coxs\\\/wp-content\\\/uploads\\\/sites\\\/4\\\/2025\\\/05\\\/3250_rum_nation_british_guyana_7yo_cask_strength.jpg\",\"width\":600,\"height\":711,\"caption\":\"COXS CLUB\"},{\"@type\":\"BreadcrumbList\",\"@id\":\"https:\\\/\\\/richter.ceo\\\/coxs\\\/produkt\\\/rum-nation-british-guyana-7-y-o-cask\\\/#breadcrumb\",\"itemListElement\":[{\"@type\":\"ListItem\",\"position\":1,\"name\":\"Dom\u016f\",\"item\":\"https:\\\/\\\/richter.ceo\\\/coxs\\\/\"},{\"@type\":\"ListItem\",\"position\":2,\"name\":\"N\u00c1POJE\",\"item\":\"https:\\\/\\\/richter.ceo\\\/coxs\\\/en\\\/napoje\\\/\"},{\"@type\":\"ListItem\",\"position\":3,\"name\":\"Rum Nation British Guyana 7 Y.O. Cask\"}]},{\"@type\":\"WebSite\",\"@id\":\"https:\\\/\\\/richter.ceo\\\/coxs\\\/en\\\/#website\",\"url\":\"https:\\\/\\\/richter.ceo\\\/coxs\\\/en\\\/\",\"name\":\"COXS CLUB\",\"description\":\"Beton a Rum\",\"publisher\":{\"@id\":\"https:\\\/\\\/richter.ceo\\\/coxs\\\/en\\\/#organization\"},\"potentialAction\":[{\"@type\":\"SearchAction\",\"target\":{\"@type\":\"EntryPoint\",\"urlTemplate\":\"https:\\\/\\\/richter.ceo\\\/coxs\\\/en\\\/?s={search_term_string}\"},\"query-input\":{\"@type\":\"PropertyValueSpecification\",\"valueRequired\":true,\"valueName\":\"search_term_string\"}}],\"inLanguage\":\"cs\"},{\"@type\":\"Organization\",\"@id\":\"https:\\\/\\\/richter.ceo\\\/coxs\\\/en\\\/#organization\",\"name\":\"COXS CLUB\",\"url\":\"https:\\\/\\\/richter.ceo\\\/coxs\\\/en\\\/\",\"logo\":{\"@type\":\"ImageObject\",\"inLanguage\":\"cs\",\"@id\":\"https:\\\/\\\/richter.ceo\\\/coxs\\\/en\\\/#\\\/schema\\\/logo\\\/image\\\/\",\"url\":\"http:\\\/\\\/richter.ceo\\\/coxs\\\/wp-content\\\/uploads\\\/sites\\\/4\\\/2025\\\/05\\\/FAVICON-dark.webp\",\"contentUrl\":\"http:\\\/\\\/richter.ceo\\\/coxs\\\/wp-content\\\/uploads\\\/sites\\\/4\\\/2025\\\/05\\\/FAVICON-dark.webp\",\"width\":512,\"height\":512,\"caption\":\"COXS CLUB\"},\"image\":{\"@id\":\"https:\\\/\\\/richter.ceo\\\/coxs\\\/en\\\/#\\\/schema\\\/logo\\\/image\\\/\"},\"sameAs\":[\"https:\\\/\\\/www.facebook.com\\\/profile.php?id=100088204002615\",\"https:\\\/\\\/www.instagram.com\\\/coxs_coxs\\\/\"]}]}<\/script>\n<!-- \/ Yoast SEO plugin. -->","yoast_head_json":{"title":"Rum Nation British Guyana 7 Y.O. Cask","description":"Spole\u010dnost Rum Nation vyb\u00edr\u00e1 ty nejkvalitn\u011bj\u0161\u00ed m\u00edstn\u00ed rumy, kter\u00e9 nejl\u00e9pe vystihuj\u00ed charakter rum\u016f z dan\u00fdch oblast\u00ed. &nbsp; Tento rum z Britsk\u00e9 Guyany","robots":{"index":"index","follow":"follow","max-snippet":"max-snippet:-1","max-image-preview":"max-image-preview:large","max-video-preview":"max-video-preview:-1"},"canonical":"https:\/\/richter.ceo\/coxs\/produkt\/rum-nation-british-guyana-7-y-o-cask\/","og_locale":"cs_CZ","og_type":"article","og_title":"Rum Nation British Guyana 7 Y.O. Cask","og_description":"Spole\u010dnost Rum Nation vyb\u00edr\u00e1 ty nejkvalitn\u011bj\u0161\u00ed m\u00edstn\u00ed rumy, kter\u00e9 nejl\u00e9pe vystihuj\u00ed charakter rum\u016f z dan\u00fdch oblast\u00ed. &nbsp; Tento rum z Britsk\u00e9 Guyany","og_url":"https:\/\/richter.ceo\/coxs\/produkt\/rum-nation-british-guyana-7-y-o-cask\/","og_site_name":"COXS CLUB","article_publisher":"https:\/\/www.facebook.com\/profile.php?id=100088204002615","og_image":[{"width":600,"height":711,"url":"https:\/\/richter.ceo\/coxs\/wp-content\/uploads\/sites\/4\/2025\/05\/3250_rum_nation_british_guyana_7yo_cask_strength.jpg","type":"image\/jpeg"}],"twitter_card":"summary_large_image","twitter_misc":{"Odhadovan\u00e1 doba \u010dten\u00ed":"1 minuta"},"schema":{"@context":"https:\/\/schema.org","@graph":[{"@type":"WebPage","@id":"https:\/\/richter.ceo\/coxs\/produkt\/rum-nation-british-guyana-7-y-o-cask\/","url":"https:\/\/richter.ceo\/coxs\/produkt\/rum-nation-british-guyana-7-y-o-cask\/","name":"Rum Nation British Guyana 7 Y.O. Cask","isPartOf":{"@id":"https:\/\/richter.ceo\/coxs\/en\/#website"},"primaryImageOfPage":{"@id":"https:\/\/richter.ceo\/coxs\/produkt\/rum-nation-british-guyana-7-y-o-cask\/#primaryimage"},"image":{"@id":"https:\/\/richter.ceo\/coxs\/produkt\/rum-nation-british-guyana-7-y-o-cask\/#primaryimage"},"thumbnailUrl":"https:\/\/richter.ceo\/coxs\/wp-content\/uploads\/sites\/4\/2025\/05\/3250_rum_nation_british_guyana_7yo_cask_strength.jpg","datePublished":"2025-05-14T16:43:16+00:00","description":"Spole\u010dnost Rum Nation vyb\u00edr\u00e1 ty nejkvalitn\u011bj\u0161\u00ed m\u00edstn\u00ed rumy, kter\u00e9 nejl\u00e9pe vystihuj\u00ed charakter rum\u016f z dan\u00fdch oblast\u00ed. &nbsp; Tento rum z Britsk\u00e9 Guyany","breadcrumb":{"@id":"https:\/\/richter.ceo\/coxs\/produkt\/rum-nation-british-guyana-7-y-o-cask\/#breadcrumb"},"inLanguage":"cs","potentialAction":[{"@type":"ReadAction","target":["https:\/\/richter.ceo\/coxs\/produkt\/rum-nation-british-guyana-7-y-o-cask\/"]}]},{"@type":"ImageObject","inLanguage":"cs","@id":"https:\/\/richter.ceo\/coxs\/produkt\/rum-nation-british-guyana-7-y-o-cask\/#primaryimage","url":"https:\/\/richter.ceo\/coxs\/wp-content\/uploads\/sites\/4\/2025\/05\/3250_rum_nation_british_guyana_7yo_cask_strength.jpg","contentUrl":"https:\/\/richter.ceo\/coxs\/wp-content\/uploads\/sites\/4\/2025\/05\/3250_rum_nation_british_guyana_7yo_cask_strength.jpg","width":600,"height":711,"caption":"COXS CLUB"},{"@type":"BreadcrumbList","@id":"https:\/\/richter.ceo\/coxs\/produkt\/rum-nation-british-guyana-7-y-o-cask\/#breadcrumb","itemListElement":[{"@type":"ListItem","position":1,"name":"Dom\u016f","item":"https:\/\/richter.ceo\/coxs\/"},{"@type":"ListItem","position":2,"name":"N\u00c1POJE","item":"https:\/\/richter.ceo\/coxs\/en\/napoje\/"},{"@type":"ListItem","position":3,"name":"Rum Nation British Guyana 7 Y.O. Cask"}]},{"@type":"WebSite","@id":"https:\/\/richter.ceo\/coxs\/en\/#website","url":"https:\/\/richter.ceo\/coxs\/en\/","name":"COXS CLUB","description":"Beton a Rum","publisher":{"@id":"https:\/\/richter.ceo\/coxs\/en\/#organization"},"potentialAction":[{"@type":"SearchAction","target":{"@type":"EntryPoint","urlTemplate":"https:\/\/richter.ceo\/coxs\/en\/?s={search_term_string}"},"query-input":{"@type":"PropertyValueSpecification","valueRequired":true,"valueName":"search_term_string"}}],"inLanguage":"cs"},{"@type":"Organization","@id":"https:\/\/richter.ceo\/coxs\/en\/#organization","name":"COXS CLUB","url":"https:\/\/richter.ceo\/coxs\/en\/","logo":{"@type":"ImageObject","inLanguage":"cs","@id":"https:\/\/richter.ceo\/coxs\/en\/#\/schema\/logo\/image\/","url":"http:\/\/richter.ceo\/coxs\/wp-content\/uploads\/sites\/4\/2025\/05\/FAVICON-dark.webp","contentUrl":"http:\/\/richter.ceo\/coxs\/wp-content\/uploads\/sites\/4\/2025\/05\/FAVICON-dark.webp","width":512,"height":512,"caption":"COXS CLUB"},"image":{"@id":"https:\/\/richter.ceo\/coxs\/en\/#\/schema\/logo\/image\/"},"sameAs":["https:\/\/www.facebook.com\/profile.php?id=100088204002615","https:\/\/www.instagram.com\/coxs_coxs\/"]}]}},"_links":{"self":[{"href":"https:\/\/richter.ceo\/coxs\/wp-json\/wp\/v2\/product\/1398","targetHints":{"allow":["GET"]}}],"collection":[{"href":"https:\/\/richter.ceo\/coxs\/wp-json\/wp\/v2\/product"}],"about":[{"href":"https:\/\/richter.ceo\/coxs\/wp-json\/wp\/v2\/types\/product"}],"wp:featuredmedia":[{"embeddable":true,"href":"https:\/\/richter.ceo\/coxs\/wp-json\/wp\/v2\/media\/1277"}],"wp:attachment":[{"href":"https:\/\/richter.ceo\/coxs\/wp-json\/wp\/v2\/media?parent=1398"}],"wp:term":[{"taxonomy":"product_brand","embeddable":true,"href":"https:\/\/richter.ceo\/coxs\/wp-json\/wp\/v2\/product_brand?post=1398"},{"taxonomy":"product_cat","embeddable":true,"href":"https:\/\/richter.ceo\/coxs\/wp-json\/wp\/v2\/product_cat?post=1398"},{"taxonomy":"product_tag","embeddable":true,"href":"https:\/\/richter.ceo\/coxs\/wp-json\/wp\/v2\/product_tag?post=1398"}],"curies":[{"name":"wp","href":"https:\/\/api.w.org\/{rel}","templated":true}]}}