{"id":1402,"date":"2025-05-14T18:51:43","date_gmt":"2025-05-14T16:51:43","guid":{"rendered":"https:\/\/richter.ceo\/coxs\/?post_type=product&#038;p=1402"},"modified":"2025-05-14T18:51:43","modified_gmt":"2025-05-14T16:51:43","slug":"mauricia-signature","status":"publish","type":"product","link":"https:\/\/richter.ceo\/coxs\/produkt\/mauricia-signature\/","title":{"rendered":"Mauricia signature"},"content":{"rendered":"<p>Pal\u00edrna Grays se nach\u00e1z\u00ed v oblasti Pamplemousses na severoz\u00e1pad\u011b ostrova Mauricius. V Domaine de la Villebague zde v roce 1740 vznikl prvn\u00ed cukrovar na ostrov\u011b a nedlouho pot\u00e9, v roce 1742, zde byla postavena prvn\u00ed destilerie. Dnes je Grays single estate pal\u00edrnou, kde prob\u00edh\u00e1 cel\u00fd proces v\u00fdroby, od plant\u00e1\u017e\u00ed cukrov\u00e9 t\u0159tiny a\u017e po lahvov\u00e1n\u00ed.<\/p>\n<p>&nbsp;<\/p>\n<p>Rumy Mauricia jsou vyr\u00e1b\u011bn\u00e9 100 % z \u010derstv\u00e9 \u0161\u0165\u00e1vy z cukrov\u00e9 t\u0159tiny a jsou pojmenovan\u00e9 podle plant\u00e1\u017ee na severu ostrova.<\/p>\n<p>&nbsp;<\/p>\n<p>V roce 2018 vybrala spole\u010dnost na plant\u00e1\u017e\u00edch speci\u00e1ln\u00ed pole pro p\u011bstov\u00e1n\u00ed cukrov\u00e9 t\u0159tiny ur\u010den\u00e9 pro \u0161\u0165\u00e1vu, nikoli melasu, a provedla \u00fapravy v pal\u00edrn\u011b, aby bylo mo\u017en\u00e9 \u0161\u0165\u00e1vu okam\u017eit\u011b zpracov\u00e1vat. Cukrov\u00e1 t\u0159tina se zpracov\u00e1v\u00e1 v jednom z nejmodern\u011bj\u0161\u00edch cukrovar\u016f na sv\u011bt\u011b a n\u00e1sledn\u011b m\u00ed\u0159\u00ed do pal\u00edrny, nach\u00e1zej\u00edc\u00ed se o 5 km d\u00e1l. Cesta \u0161\u0165\u00e1vy z cukrovaru do fermenta\u010dn\u00edch tank\u016f netrv\u00e1 d\u00e9le ne\u017e 3 hodiny. \u0160\u0165\u00e1va se fermentuje po dobu 30 hodin za pomoc\u00ed speci\u00e1ln\u011b vyvinut\u00fdch kvasinek a n\u00e1sledn\u011b proch\u00e1z\u00ed kolonovou destilac\u00ed. V\u00fdsledn\u00e9 rumy se vyzna\u010duj\u00ed sv\u011b\u017e\u00edm profilem s n\u00e1znaky m\u00e1ty, ko\u0159en\u00ed a pep\u0159e.<\/p>\n<p>&nbsp;<\/p>\n<div class=\"elementor-column elementor-col-50 elementor-inner-column elementor-element elementor-element-df5ea97\" data-id=\"df5ea97\" data-element_type=\"column\">\n<div class=\"elementor-widget-wrap elementor-element-populated\">\n<div class=\"elementor-element elementor-element-5f45f876 elementor-widget elementor-widget-woocommerce-product-short-description\" data-id=\"5f45f876\" data-element_type=\"widget\" data-widget_type=\"woocommerce-product-short-description.default\">\n<div class=\"elementor-widget-container\">\n<div class=\"woocommerce-product-details__short-description\">\n<p>Signature je lehk\u00fd rum, kter\u00fd zraje v sudech po ko\u0148aku, sudech po bourbonu a nov\u00fdch sudech z americk\u00e9ho dubu. Je aromatick\u00fd, s t\u00f3ny citrus\u016f, verbeny a medu. V chuti je sv\u011b\u017e\u00ed a projevuj\u00ed se op\u011bt citrusy spolu s t\u00f3ny kou\u0159ov\u00e9ho d\u0159eva a nasl\u00e1dl\u00e9ho ko\u0159en\u00ed.<\/p>\n<\/div>\n<\/div>\n<\/div>\n<\/div>\n<\/div>\n","protected":false},"excerpt":{"rendered":"<p>Pal\u00edrna Grays se nach\u00e1z\u00ed v oblasti Pamplemousses na severoz\u00e1pad\u011b ostrova Mauricius. V Domaine de la Villebague zde v roce 1740 vznikl prvn\u00ed cukrovar na ostrov\u011b a nedlouho pot\u00e9, v roce 1742, zde byla postavena prvn\u00ed destilerie. Dnes je Grays single estate pal\u00edrnou, kde prob\u00edh\u00e1 cel\u00fd proces v\u00fdroby, od plant\u00e1\u017e\u00ed cukrov\u00e9 t\u0159tiny a\u017e po lahvov\u00e1n\u00ed. &nbsp; [&hellip;]<\/p>\n","protected":false},"featured_media":1282,"template":"","meta":{"_acf_changed":false},"product_brand":[241],"product_cat":[117],"product_tag":[],"class_list":{"0":"post-1402","1":"product","2":"type-product","3":"status-publish","4":"has-post-thumbnail","6":"product_brand-mauricia","7":"product_cat-rum","8":"pa_cena-za-004-l","9":"pa_obsah-alkoholu-34","10":"pa_zeme-mauricius","12":"first","13":"instock","14":"shipping-taxable","15":"purchasable","16":"product-type-simple"},"acf":[],"yoast_head":"<!-- This site is optimized with the Yoast SEO plugin v27.5 - https:\/\/yoast.com\/product\/yoast-seo-wordpress\/ -->\n<title>Mauricia signature<\/title>\n<meta name=\"description\" content=\"Pal\u00edrna Grays se nach\u00e1z\u00ed v oblasti Pamplemousses na severoz\u00e1pad\u011b ostrova Mauricius. V Domaine de la Villebague zde v roce 1740 vznikl prvn\u00ed cukrovar na\" \/>\n<meta name=\"robots\" content=\"index, follow, max-snippet:-1, max-image-preview:large, max-video-preview:-1\" \/>\n<link rel=\"canonical\" href=\"https:\/\/richter.ceo\/coxs\/produkt\/mauricia-signature\/\" \/>\n<meta property=\"og:locale\" content=\"cs_CZ\" \/>\n<meta property=\"og:type\" content=\"article\" \/>\n<meta property=\"og:title\" content=\"Mauricia signature\" \/>\n<meta property=\"og:description\" content=\"Pal\u00edrna Grays se nach\u00e1z\u00ed v oblasti Pamplemousses na severoz\u00e1pad\u011b ostrova Mauricius. V Domaine de la Villebague zde v roce 1740 vznikl prvn\u00ed cukrovar na\" \/>\n<meta property=\"og:url\" content=\"https:\/\/richter.ceo\/coxs\/produkt\/mauricia-signature\/\" \/>\n<meta property=\"og:site_name\" content=\"COXS CLUB\" \/>\n<meta property=\"article:publisher\" content=\"https:\/\/www.facebook.com\/profile.php?id=100088204002615\" \/>\n<meta property=\"og:image\" content=\"https:\/\/richter.ceo\/coxs\/wp-content\/uploads\/sites\/4\/2025\/05\/3356_mauricia_signature.jpg\" \/>\n\t<meta property=\"og:image:width\" content=\"600\" \/>\n\t<meta property=\"og:image:height\" content=\"711\" \/>\n\t<meta property=\"og:image:type\" content=\"image\/jpeg\" \/>\n<meta name=\"twitter:card\" content=\"summary_large_image\" \/>\n<meta name=\"twitter:label1\" content=\"Odhadovan\u00e1 doba \u010dten\u00ed\" \/>\n\t<meta name=\"twitter:data1\" content=\"1 minuta\" \/>\n<script type=\"application\/ld+json\" class=\"yoast-schema-graph\">{\"@context\":\"https:\\\/\\\/schema.org\",\"@graph\":[{\"@type\":\"WebPage\",\"@id\":\"https:\\\/\\\/richter.ceo\\\/coxs\\\/produkt\\\/mauricia-signature\\\/\",\"url\":\"https:\\\/\\\/richter.ceo\\\/coxs\\\/produkt\\\/mauricia-signature\\\/\",\"name\":\"Mauricia signature\",\"isPartOf\":{\"@id\":\"https:\\\/\\\/richter.ceo\\\/coxs\\\/en\\\/#website\"},\"primaryImageOfPage\":{\"@id\":\"https:\\\/\\\/richter.ceo\\\/coxs\\\/produkt\\\/mauricia-signature\\\/#primaryimage\"},\"image\":{\"@id\":\"https:\\\/\\\/richter.ceo\\\/coxs\\\/produkt\\\/mauricia-signature\\\/#primaryimage\"},\"thumbnailUrl\":\"https:\\\/\\\/richter.ceo\\\/coxs\\\/wp-content\\\/uploads\\\/sites\\\/4\\\/2025\\\/05\\\/3356_mauricia_signature.jpg\",\"datePublished\":\"2025-05-14T16:51:43+00:00\",\"description\":\"Pal\u00edrna Grays se nach\u00e1z\u00ed v oblasti Pamplemousses na severoz\u00e1pad\u011b ostrova Mauricius. V Domaine de la Villebague zde v roce 1740 vznikl prvn\u00ed cukrovar na\",\"breadcrumb\":{\"@id\":\"https:\\\/\\\/richter.ceo\\\/coxs\\\/produkt\\\/mauricia-signature\\\/#breadcrumb\"},\"inLanguage\":\"cs\",\"potentialAction\":[{\"@type\":\"ReadAction\",\"target\":[\"https:\\\/\\\/richter.ceo\\\/coxs\\\/produkt\\\/mauricia-signature\\\/\"]}]},{\"@type\":\"ImageObject\",\"inLanguage\":\"cs\",\"@id\":\"https:\\\/\\\/richter.ceo\\\/coxs\\\/produkt\\\/mauricia-signature\\\/#primaryimage\",\"url\":\"https:\\\/\\\/richter.ceo\\\/coxs\\\/wp-content\\\/uploads\\\/sites\\\/4\\\/2025\\\/05\\\/3356_mauricia_signature.jpg\",\"contentUrl\":\"https:\\\/\\\/richter.ceo\\\/coxs\\\/wp-content\\\/uploads\\\/sites\\\/4\\\/2025\\\/05\\\/3356_mauricia_signature.jpg\",\"width\":600,\"height\":711,\"caption\":\"COXS CLUB\"},{\"@type\":\"BreadcrumbList\",\"@id\":\"https:\\\/\\\/richter.ceo\\\/coxs\\\/produkt\\\/mauricia-signature\\\/#breadcrumb\",\"itemListElement\":[{\"@type\":\"ListItem\",\"position\":1,\"name\":\"Dom\u016f\",\"item\":\"https:\\\/\\\/richter.ceo\\\/coxs\\\/\"},{\"@type\":\"ListItem\",\"position\":2,\"name\":\"N\u00c1POJE\",\"item\":\"https:\\\/\\\/richter.ceo\\\/coxs\\\/en\\\/napoje\\\/\"},{\"@type\":\"ListItem\",\"position\":3,\"name\":\"Mauricia signature\"}]},{\"@type\":\"WebSite\",\"@id\":\"https:\\\/\\\/richter.ceo\\\/coxs\\\/en\\\/#website\",\"url\":\"https:\\\/\\\/richter.ceo\\\/coxs\\\/en\\\/\",\"name\":\"COXS CLUB\",\"description\":\"Beton a Rum\",\"publisher\":{\"@id\":\"https:\\\/\\\/richter.ceo\\\/coxs\\\/en\\\/#organization\"},\"potentialAction\":[{\"@type\":\"SearchAction\",\"target\":{\"@type\":\"EntryPoint\",\"urlTemplate\":\"https:\\\/\\\/richter.ceo\\\/coxs\\\/en\\\/?s={search_term_string}\"},\"query-input\":{\"@type\":\"PropertyValueSpecification\",\"valueRequired\":true,\"valueName\":\"search_term_string\"}}],\"inLanguage\":\"cs\"},{\"@type\":\"Organization\",\"@id\":\"https:\\\/\\\/richter.ceo\\\/coxs\\\/en\\\/#organization\",\"name\":\"COXS CLUB\",\"url\":\"https:\\\/\\\/richter.ceo\\\/coxs\\\/en\\\/\",\"logo\":{\"@type\":\"ImageObject\",\"inLanguage\":\"cs\",\"@id\":\"https:\\\/\\\/richter.ceo\\\/coxs\\\/en\\\/#\\\/schema\\\/logo\\\/image\\\/\",\"url\":\"http:\\\/\\\/richter.ceo\\\/coxs\\\/wp-content\\\/uploads\\\/sites\\\/4\\\/2025\\\/05\\\/FAVICON-dark.webp\",\"contentUrl\":\"http:\\\/\\\/richter.ceo\\\/coxs\\\/wp-content\\\/uploads\\\/sites\\\/4\\\/2025\\\/05\\\/FAVICON-dark.webp\",\"width\":512,\"height\":512,\"caption\":\"COXS CLUB\"},\"image\":{\"@id\":\"https:\\\/\\\/richter.ceo\\\/coxs\\\/en\\\/#\\\/schema\\\/logo\\\/image\\\/\"},\"sameAs\":[\"https:\\\/\\\/www.facebook.com\\\/profile.php?id=100088204002615\",\"https:\\\/\\\/www.instagram.com\\\/coxs_coxs\\\/\"]}]}<\/script>\n<!-- \/ Yoast SEO plugin. -->","yoast_head_json":{"title":"Mauricia signature","description":"Pal\u00edrna Grays se nach\u00e1z\u00ed v oblasti Pamplemousses na severoz\u00e1pad\u011b ostrova Mauricius. V Domaine de la Villebague zde v roce 1740 vznikl prvn\u00ed cukrovar na","robots":{"index":"index","follow":"follow","max-snippet":"max-snippet:-1","max-image-preview":"max-image-preview:large","max-video-preview":"max-video-preview:-1"},"canonical":"https:\/\/richter.ceo\/coxs\/produkt\/mauricia-signature\/","og_locale":"cs_CZ","og_type":"article","og_title":"Mauricia signature","og_description":"Pal\u00edrna Grays se nach\u00e1z\u00ed v oblasti Pamplemousses na severoz\u00e1pad\u011b ostrova Mauricius. V Domaine de la Villebague zde v roce 1740 vznikl prvn\u00ed cukrovar na","og_url":"https:\/\/richter.ceo\/coxs\/produkt\/mauricia-signature\/","og_site_name":"COXS CLUB","article_publisher":"https:\/\/www.facebook.com\/profile.php?id=100088204002615","og_image":[{"width":600,"height":711,"url":"https:\/\/richter.ceo\/coxs\/wp-content\/uploads\/sites\/4\/2025\/05\/3356_mauricia_signature.jpg","type":"image\/jpeg"}],"twitter_card":"summary_large_image","twitter_misc":{"Odhadovan\u00e1 doba \u010dten\u00ed":"1 minuta"},"schema":{"@context":"https:\/\/schema.org","@graph":[{"@type":"WebPage","@id":"https:\/\/richter.ceo\/coxs\/produkt\/mauricia-signature\/","url":"https:\/\/richter.ceo\/coxs\/produkt\/mauricia-signature\/","name":"Mauricia signature","isPartOf":{"@id":"https:\/\/richter.ceo\/coxs\/en\/#website"},"primaryImageOfPage":{"@id":"https:\/\/richter.ceo\/coxs\/produkt\/mauricia-signature\/#primaryimage"},"image":{"@id":"https:\/\/richter.ceo\/coxs\/produkt\/mauricia-signature\/#primaryimage"},"thumbnailUrl":"https:\/\/richter.ceo\/coxs\/wp-content\/uploads\/sites\/4\/2025\/05\/3356_mauricia_signature.jpg","datePublished":"2025-05-14T16:51:43+00:00","description":"Pal\u00edrna Grays se nach\u00e1z\u00ed v oblasti Pamplemousses na severoz\u00e1pad\u011b ostrova Mauricius. V Domaine de la Villebague zde v roce 1740 vznikl prvn\u00ed cukrovar na","breadcrumb":{"@id":"https:\/\/richter.ceo\/coxs\/produkt\/mauricia-signature\/#breadcrumb"},"inLanguage":"cs","potentialAction":[{"@type":"ReadAction","target":["https:\/\/richter.ceo\/coxs\/produkt\/mauricia-signature\/"]}]},{"@type":"ImageObject","inLanguage":"cs","@id":"https:\/\/richter.ceo\/coxs\/produkt\/mauricia-signature\/#primaryimage","url":"https:\/\/richter.ceo\/coxs\/wp-content\/uploads\/sites\/4\/2025\/05\/3356_mauricia_signature.jpg","contentUrl":"https:\/\/richter.ceo\/coxs\/wp-content\/uploads\/sites\/4\/2025\/05\/3356_mauricia_signature.jpg","width":600,"height":711,"caption":"COXS CLUB"},{"@type":"BreadcrumbList","@id":"https:\/\/richter.ceo\/coxs\/produkt\/mauricia-signature\/#breadcrumb","itemListElement":[{"@type":"ListItem","position":1,"name":"Dom\u016f","item":"https:\/\/richter.ceo\/coxs\/"},{"@type":"ListItem","position":2,"name":"N\u00c1POJE","item":"https:\/\/richter.ceo\/coxs\/en\/napoje\/"},{"@type":"ListItem","position":3,"name":"Mauricia signature"}]},{"@type":"WebSite","@id":"https:\/\/richter.ceo\/coxs\/en\/#website","url":"https:\/\/richter.ceo\/coxs\/en\/","name":"COXS CLUB","description":"Beton a Rum","publisher":{"@id":"https:\/\/richter.ceo\/coxs\/en\/#organization"},"potentialAction":[{"@type":"SearchAction","target":{"@type":"EntryPoint","urlTemplate":"https:\/\/richter.ceo\/coxs\/en\/?s={search_term_string}"},"query-input":{"@type":"PropertyValueSpecification","valueRequired":true,"valueName":"search_term_string"}}],"inLanguage":"cs"},{"@type":"Organization","@id":"https:\/\/richter.ceo\/coxs\/en\/#organization","name":"COXS CLUB","url":"https:\/\/richter.ceo\/coxs\/en\/","logo":{"@type":"ImageObject","inLanguage":"cs","@id":"https:\/\/richter.ceo\/coxs\/en\/#\/schema\/logo\/image\/","url":"http:\/\/richter.ceo\/coxs\/wp-content\/uploads\/sites\/4\/2025\/05\/FAVICON-dark.webp","contentUrl":"http:\/\/richter.ceo\/coxs\/wp-content\/uploads\/sites\/4\/2025\/05\/FAVICON-dark.webp","width":512,"height":512,"caption":"COXS CLUB"},"image":{"@id":"https:\/\/richter.ceo\/coxs\/en\/#\/schema\/logo\/image\/"},"sameAs":["https:\/\/www.facebook.com\/profile.php?id=100088204002615","https:\/\/www.instagram.com\/coxs_coxs\/"]}]}},"_links":{"self":[{"href":"https:\/\/richter.ceo\/coxs\/wp-json\/wp\/v2\/product\/1402","targetHints":{"allow":["GET"]}}],"collection":[{"href":"https:\/\/richter.ceo\/coxs\/wp-json\/wp\/v2\/product"}],"about":[{"href":"https:\/\/richter.ceo\/coxs\/wp-json\/wp\/v2\/types\/product"}],"wp:featuredmedia":[{"embeddable":true,"href":"https:\/\/richter.ceo\/coxs\/wp-json\/wp\/v2\/media\/1282"}],"wp:attachment":[{"href":"https:\/\/richter.ceo\/coxs\/wp-json\/wp\/v2\/media?parent=1402"}],"wp:term":[{"taxonomy":"product_brand","embeddable":true,"href":"https:\/\/richter.ceo\/coxs\/wp-json\/wp\/v2\/product_brand?post=1402"},{"taxonomy":"product_cat","embeddable":true,"href":"https:\/\/richter.ceo\/coxs\/wp-json\/wp\/v2\/product_cat?post=1402"},{"taxonomy":"product_tag","embeddable":true,"href":"https:\/\/richter.ceo\/coxs\/wp-json\/wp\/v2\/product_tag?post=1402"}],"curies":[{"name":"wp","href":"https:\/\/api.w.org\/{rel}","templated":true}]}}