{"id":1404,"date":"2025-05-14T18:55:00","date_gmt":"2025-05-14T16:55:00","guid":{"rendered":"https:\/\/richter.ceo\/coxs\/?post_type=product&#038;p=1404"},"modified":"2025-05-14T18:55:00","modified_gmt":"2025-05-14T16:55:00","slug":"hms-victory-navy-strength","status":"publish","type":"product","link":"https:\/\/richter.ceo\/coxs\/produkt\/hms-victory-navy-strength\/","title":{"rendered":"HMS Victory Navy Strength"},"content":{"rendered":"<p>Rum HMS Victory vznikl v pal\u00edrn\u011b Isle of Wight, kter\u00e1 se nach\u00e1z\u00ed na stejnojmenn\u00e9m ostrov\u011b u ji\u017en\u00edho pob\u0159e\u017e\u00ed Anglie. Destilerii zalo\u017eili v roce 2014 p\u0159\u00e1tel\u00e9 Xavier Baker a Conrad Gauntlett, kte\u0159\u00ed se rozhodli vyu\u017e\u00edt sv\u00fdch bohat\u00fdch destila\u010dn\u00edch a vina\u0159sk\u00fdch zku\u0161enost\u00ed. Krom\u011b rumu se v pal\u00edrn\u011b v\u011bnuj\u00ed rovn\u011b\u017e v\u00fdrob\u011b ginu.<\/p>\n<p>&nbsp;<\/p>\n<p>Rum vznikl k upom\u00ednce slavn\u00e9 lodi britsk\u00e9ho kr\u00e1lovsk\u00e9ho n\u00e1mo\u0159nictva zvan\u00e9 HMS Victory, kter\u00e1 byla na vodu poprv\u00e9 spu\u0161t\u011bna v roce 1765. Do d\u011bjin se toto plavidlo zapsalo zejm\u00e9na d\u00edky tomu, \u017ee \u0161lo v roce 1805 o vlajkovou lo\u010f viceadmir\u00e1la Horatia Nelsona v bitv\u011b u Trafalgaru. Od roku 1922 je pak jako lo\u010f N\u00e1rodn\u00edho muzea kr\u00e1lovsk\u00e9ho n\u00e1mo\u0159nictva um\u00edst\u011bna v such\u00e9m doku v Portsmouthu. Zaj\u00edmavost\u00ed je, \u017ee symbolicky st\u00e1le slou\u017e\u00ed v aktivn\u00ed slu\u017eb\u011b jako vlajkov\u00e1 lo\u010f Prvn\u00edho n\u00e1mo\u0159n\u00edho lorda, kter\u00fd je nejvy\u0161\u0161\u00edm velitelem v britsk\u00e9m n\u00e1mo\u0159nictvu. Jde tud\u00ed\u017e o nejstar\u0161\u00ed lo\u010f na sv\u011bt\u011b nach\u00e1zej\u00edc\u00ed se v \u010dinn\u00e9 slu\u017eb\u011b.<\/p>\n<p>&nbsp;<\/p>\n<p>Rum vznikl ve spolupr\u00e1ci s N\u00e1rodn\u00edm muzeem kr\u00e1lovsk\u00e9ho n\u00e1mo\u0159nictva a poprv\u00e9 byl p\u0159edstaven 31. \u010dervence 2018 symbolicky pr\u00e1v\u011b na palub\u011b HMS Victory. \u010c\u00e1st zisku z jeho prodeje je v\u011bnov\u00e1na na pr\u016fb\u011b\u017enou obnovu HMS Victory.<\/p>\n<p>&nbsp;<\/p>\n<p>Jde o unik\u00e1tn\u00ed sm\u011bs rum\u016f z Guyany, Trinidadu a Jamajky, kter\u00e9 se v pal\u00edrn\u011b Isle of Wight nech\u00e1vaj\u00ed d\u00e1le zr\u00e1t s kusy d\u0159eva, je\u017e origin\u00e1ln\u011b poch\u00e1z\u00ed z \u010d\u00e1st\u00ed lodi HMS Victory. Rum je lahvov\u00e1n p\u0159i n\u00e1mo\u0159nick\u00e9 s\u00edle 57 %.<\/p>\n<p>&nbsp;<\/p>\n<p>Aroma: Jemn\u00e1 v\u016fn\u011b vanilky a dubu<\/p>\n<p>Chu\u0165: Hlubok\u00e1 a intenzivn\u00ed, s jemn\u00fdmi t\u00f3ny melasy a l\u00e9ko\u0159ice<\/p>\n<div class=\"elementor-column elementor-col-50 elementor-inner-column elementor-element elementor-element-df5ea97\" data-id=\"df5ea97\" data-element_type=\"column\">\n<div class=\"elementor-widget-wrap elementor-element-populated\">\n<div class=\"elementor-element elementor-element-5f45f876 elementor-widget elementor-widget-woocommerce-product-short-description\" data-id=\"5f45f876\" data-element_type=\"widget\" data-widget_type=\"woocommerce-product-short-description.default\">\n<div class=\"elementor-widget-container\">\n<div class=\"woocommerce-product-details__short-description\">\n<p>Z\u00e1v\u011br: Dlouh\u00fd a komplexn\u00ed, s bohatou a zakulacenou chut\u00ed na pat\u0159e<\/p>\n<\/div>\n<\/div>\n<\/div>\n<\/div>\n<\/div>\n<p>&nbsp;<\/p>\n","protected":false},"excerpt":{"rendered":"<p>Rum HMS Victory vznikl v pal\u00edrn\u011b Isle of Wight, kter\u00e1 se nach\u00e1z\u00ed na stejnojmenn\u00e9m ostrov\u011b u ji\u017en\u00edho pob\u0159e\u017e\u00ed Anglie. Destilerii zalo\u017eili v roce 2014 p\u0159\u00e1tel\u00e9 Xavier Baker a Conrad Gauntlett, kte\u0159\u00ed se rozhodli vyu\u017e\u00edt sv\u00fdch bohat\u00fdch destila\u010dn\u00edch a vina\u0159sk\u00fdch zku\u0161enost\u00ed. Krom\u011b rumu se v pal\u00edrn\u011b v\u011bnuj\u00ed rovn\u011b\u017e v\u00fdrob\u011b ginu. &nbsp; Rum vznikl k upom\u00ednce slavn\u00e9 [&hellip;]<\/p>\n","protected":false},"featured_media":1271,"template":"","meta":{"_acf_changed":false},"product_brand":[242],"product_cat":[117],"product_tag":[],"class_list":{"0":"post-1404","1":"product","2":"type-product","3":"status-publish","4":"has-post-thumbnail","6":"product_brand-hms-victory","7":"product_cat-rum","8":"pa_cena-za-004-l","9":"pa_obsah-alkoholu-157","10":"pa_zeme-anglie","12":"first","13":"instock","14":"shipping-taxable","15":"purchasable","16":"product-type-simple"},"acf":[],"yoast_head":"<!-- This site is optimized with the Yoast SEO plugin v27.5 - https:\/\/yoast.com\/product\/yoast-seo-wordpress\/ -->\n<title>HMS Victory Navy Strength<\/title>\n<meta name=\"description\" content=\"Rum HMS Victory vznikl v pal\u00edrn\u011b Isle of Wight, kter\u00e1 se nach\u00e1z\u00ed na stejnojmenn\u00e9m ostrov\u011b u ji\u017en\u00edho pob\u0159e\u017e\u00ed Anglie. Destilerii zalo\u017eili v roce 2014\" \/>\n<meta name=\"robots\" content=\"index, follow, max-snippet:-1, max-image-preview:large, max-video-preview:-1\" \/>\n<link rel=\"canonical\" href=\"https:\/\/richter.ceo\/coxs\/produkt\/hms-victory-navy-strength\/\" \/>\n<meta property=\"og:locale\" content=\"cs_CZ\" \/>\n<meta property=\"og:type\" content=\"article\" \/>\n<meta property=\"og:title\" content=\"HMS Victory Navy Strength\" \/>\n<meta property=\"og:description\" content=\"Rum HMS Victory vznikl v pal\u00edrn\u011b Isle of Wight, kter\u00e1 se nach\u00e1z\u00ed na stejnojmenn\u00e9m ostrov\u011b u ji\u017en\u00edho pob\u0159e\u017e\u00ed Anglie. Destilerii zalo\u017eili v roce 2014\" \/>\n<meta property=\"og:url\" content=\"https:\/\/richter.ceo\/coxs\/produkt\/hms-victory-navy-strength\/\" \/>\n<meta property=\"og:site_name\" content=\"COXS CLUB\" \/>\n<meta property=\"article:publisher\" content=\"https:\/\/www.facebook.com\/profile.php?id=100088204002615\" \/>\n<meta property=\"og:image\" content=\"https:\/\/richter.ceo\/coxs\/wp-content\/uploads\/sites\/4\/2025\/05\/3201_hms_victory_navy_strength_rum.jpg\" \/>\n\t<meta property=\"og:image:width\" content=\"600\" \/>\n\t<meta property=\"og:image:height\" content=\"711\" \/>\n\t<meta property=\"og:image:type\" content=\"image\/jpeg\" \/>\n<meta name=\"twitter:card\" content=\"summary_large_image\" \/>\n<meta name=\"twitter:label1\" content=\"Odhadovan\u00e1 doba \u010dten\u00ed\" \/>\n\t<meta name=\"twitter:data1\" content=\"2 minuty\" \/>\n<script type=\"application\/ld+json\" class=\"yoast-schema-graph\">{\"@context\":\"https:\\\/\\\/schema.org\",\"@graph\":[{\"@type\":\"WebPage\",\"@id\":\"https:\\\/\\\/richter.ceo\\\/coxs\\\/produkt\\\/hms-victory-navy-strength\\\/\",\"url\":\"https:\\\/\\\/richter.ceo\\\/coxs\\\/produkt\\\/hms-victory-navy-strength\\\/\",\"name\":\"HMS Victory Navy Strength\",\"isPartOf\":{\"@id\":\"https:\\\/\\\/richter.ceo\\\/coxs\\\/en\\\/#website\"},\"primaryImageOfPage\":{\"@id\":\"https:\\\/\\\/richter.ceo\\\/coxs\\\/produkt\\\/hms-victory-navy-strength\\\/#primaryimage\"},\"image\":{\"@id\":\"https:\\\/\\\/richter.ceo\\\/coxs\\\/produkt\\\/hms-victory-navy-strength\\\/#primaryimage\"},\"thumbnailUrl\":\"https:\\\/\\\/richter.ceo\\\/coxs\\\/wp-content\\\/uploads\\\/sites\\\/4\\\/2025\\\/05\\\/3201_hms_victory_navy_strength_rum.jpg\",\"datePublished\":\"2025-05-14T16:55:00+00:00\",\"description\":\"Rum HMS Victory vznikl v pal\u00edrn\u011b Isle of Wight, kter\u00e1 se nach\u00e1z\u00ed na stejnojmenn\u00e9m ostrov\u011b u ji\u017en\u00edho pob\u0159e\u017e\u00ed Anglie. Destilerii zalo\u017eili v roce 2014\",\"breadcrumb\":{\"@id\":\"https:\\\/\\\/richter.ceo\\\/coxs\\\/produkt\\\/hms-victory-navy-strength\\\/#breadcrumb\"},\"inLanguage\":\"cs\",\"potentialAction\":[{\"@type\":\"ReadAction\",\"target\":[\"https:\\\/\\\/richter.ceo\\\/coxs\\\/produkt\\\/hms-victory-navy-strength\\\/\"]}]},{\"@type\":\"ImageObject\",\"inLanguage\":\"cs\",\"@id\":\"https:\\\/\\\/richter.ceo\\\/coxs\\\/produkt\\\/hms-victory-navy-strength\\\/#primaryimage\",\"url\":\"https:\\\/\\\/richter.ceo\\\/coxs\\\/wp-content\\\/uploads\\\/sites\\\/4\\\/2025\\\/05\\\/3201_hms_victory_navy_strength_rum.jpg\",\"contentUrl\":\"https:\\\/\\\/richter.ceo\\\/coxs\\\/wp-content\\\/uploads\\\/sites\\\/4\\\/2025\\\/05\\\/3201_hms_victory_navy_strength_rum.jpg\",\"width\":600,\"height\":711,\"caption\":\"COXS CLUB\"},{\"@type\":\"BreadcrumbList\",\"@id\":\"https:\\\/\\\/richter.ceo\\\/coxs\\\/produkt\\\/hms-victory-navy-strength\\\/#breadcrumb\",\"itemListElement\":[{\"@type\":\"ListItem\",\"position\":1,\"name\":\"Dom\u016f\",\"item\":\"https:\\\/\\\/richter.ceo\\\/coxs\\\/\"},{\"@type\":\"ListItem\",\"position\":2,\"name\":\"N\u00c1POJE\",\"item\":\"https:\\\/\\\/richter.ceo\\\/coxs\\\/en\\\/napoje\\\/\"},{\"@type\":\"ListItem\",\"position\":3,\"name\":\"HMS Victory Navy Strength\"}]},{\"@type\":\"WebSite\",\"@id\":\"https:\\\/\\\/richter.ceo\\\/coxs\\\/en\\\/#website\",\"url\":\"https:\\\/\\\/richter.ceo\\\/coxs\\\/en\\\/\",\"name\":\"COXS CLUB\",\"description\":\"Beton a Rum\",\"publisher\":{\"@id\":\"https:\\\/\\\/richter.ceo\\\/coxs\\\/en\\\/#organization\"},\"potentialAction\":[{\"@type\":\"SearchAction\",\"target\":{\"@type\":\"EntryPoint\",\"urlTemplate\":\"https:\\\/\\\/richter.ceo\\\/coxs\\\/en\\\/?s={search_term_string}\"},\"query-input\":{\"@type\":\"PropertyValueSpecification\",\"valueRequired\":true,\"valueName\":\"search_term_string\"}}],\"inLanguage\":\"cs\"},{\"@type\":\"Organization\",\"@id\":\"https:\\\/\\\/richter.ceo\\\/coxs\\\/en\\\/#organization\",\"name\":\"COXS CLUB\",\"url\":\"https:\\\/\\\/richter.ceo\\\/coxs\\\/en\\\/\",\"logo\":{\"@type\":\"ImageObject\",\"inLanguage\":\"cs\",\"@id\":\"https:\\\/\\\/richter.ceo\\\/coxs\\\/en\\\/#\\\/schema\\\/logo\\\/image\\\/\",\"url\":\"http:\\\/\\\/richter.ceo\\\/coxs\\\/wp-content\\\/uploads\\\/sites\\\/4\\\/2025\\\/05\\\/FAVICON-dark.webp\",\"contentUrl\":\"http:\\\/\\\/richter.ceo\\\/coxs\\\/wp-content\\\/uploads\\\/sites\\\/4\\\/2025\\\/05\\\/FAVICON-dark.webp\",\"width\":512,\"height\":512,\"caption\":\"COXS CLUB\"},\"image\":{\"@id\":\"https:\\\/\\\/richter.ceo\\\/coxs\\\/en\\\/#\\\/schema\\\/logo\\\/image\\\/\"},\"sameAs\":[\"https:\\\/\\\/www.facebook.com\\\/profile.php?id=100088204002615\",\"https:\\\/\\\/www.instagram.com\\\/coxs_coxs\\\/\"]}]}<\/script>\n<!-- \/ Yoast SEO plugin. -->","yoast_head_json":{"title":"HMS Victory Navy Strength","description":"Rum HMS Victory vznikl v pal\u00edrn\u011b Isle of Wight, kter\u00e1 se nach\u00e1z\u00ed na stejnojmenn\u00e9m ostrov\u011b u ji\u017en\u00edho pob\u0159e\u017e\u00ed Anglie. Destilerii zalo\u017eili v roce 2014","robots":{"index":"index","follow":"follow","max-snippet":"max-snippet:-1","max-image-preview":"max-image-preview:large","max-video-preview":"max-video-preview:-1"},"canonical":"https:\/\/richter.ceo\/coxs\/produkt\/hms-victory-navy-strength\/","og_locale":"cs_CZ","og_type":"article","og_title":"HMS Victory Navy Strength","og_description":"Rum HMS Victory vznikl v pal\u00edrn\u011b Isle of Wight, kter\u00e1 se nach\u00e1z\u00ed na stejnojmenn\u00e9m ostrov\u011b u ji\u017en\u00edho pob\u0159e\u017e\u00ed Anglie. Destilerii zalo\u017eili v roce 2014","og_url":"https:\/\/richter.ceo\/coxs\/produkt\/hms-victory-navy-strength\/","og_site_name":"COXS CLUB","article_publisher":"https:\/\/www.facebook.com\/profile.php?id=100088204002615","og_image":[{"width":600,"height":711,"url":"https:\/\/richter.ceo\/coxs\/wp-content\/uploads\/sites\/4\/2025\/05\/3201_hms_victory_navy_strength_rum.jpg","type":"image\/jpeg"}],"twitter_card":"summary_large_image","twitter_misc":{"Odhadovan\u00e1 doba \u010dten\u00ed":"2 minuty"},"schema":{"@context":"https:\/\/schema.org","@graph":[{"@type":"WebPage","@id":"https:\/\/richter.ceo\/coxs\/produkt\/hms-victory-navy-strength\/","url":"https:\/\/richter.ceo\/coxs\/produkt\/hms-victory-navy-strength\/","name":"HMS Victory Navy Strength","isPartOf":{"@id":"https:\/\/richter.ceo\/coxs\/en\/#website"},"primaryImageOfPage":{"@id":"https:\/\/richter.ceo\/coxs\/produkt\/hms-victory-navy-strength\/#primaryimage"},"image":{"@id":"https:\/\/richter.ceo\/coxs\/produkt\/hms-victory-navy-strength\/#primaryimage"},"thumbnailUrl":"https:\/\/richter.ceo\/coxs\/wp-content\/uploads\/sites\/4\/2025\/05\/3201_hms_victory_navy_strength_rum.jpg","datePublished":"2025-05-14T16:55:00+00:00","description":"Rum HMS Victory vznikl v pal\u00edrn\u011b Isle of Wight, kter\u00e1 se nach\u00e1z\u00ed na stejnojmenn\u00e9m ostrov\u011b u ji\u017en\u00edho pob\u0159e\u017e\u00ed Anglie. Destilerii zalo\u017eili v roce 2014","breadcrumb":{"@id":"https:\/\/richter.ceo\/coxs\/produkt\/hms-victory-navy-strength\/#breadcrumb"},"inLanguage":"cs","potentialAction":[{"@type":"ReadAction","target":["https:\/\/richter.ceo\/coxs\/produkt\/hms-victory-navy-strength\/"]}]},{"@type":"ImageObject","inLanguage":"cs","@id":"https:\/\/richter.ceo\/coxs\/produkt\/hms-victory-navy-strength\/#primaryimage","url":"https:\/\/richter.ceo\/coxs\/wp-content\/uploads\/sites\/4\/2025\/05\/3201_hms_victory_navy_strength_rum.jpg","contentUrl":"https:\/\/richter.ceo\/coxs\/wp-content\/uploads\/sites\/4\/2025\/05\/3201_hms_victory_navy_strength_rum.jpg","width":600,"height":711,"caption":"COXS CLUB"},{"@type":"BreadcrumbList","@id":"https:\/\/richter.ceo\/coxs\/produkt\/hms-victory-navy-strength\/#breadcrumb","itemListElement":[{"@type":"ListItem","position":1,"name":"Dom\u016f","item":"https:\/\/richter.ceo\/coxs\/"},{"@type":"ListItem","position":2,"name":"N\u00c1POJE","item":"https:\/\/richter.ceo\/coxs\/en\/napoje\/"},{"@type":"ListItem","position":3,"name":"HMS Victory Navy Strength"}]},{"@type":"WebSite","@id":"https:\/\/richter.ceo\/coxs\/en\/#website","url":"https:\/\/richter.ceo\/coxs\/en\/","name":"COXS CLUB","description":"Beton a Rum","publisher":{"@id":"https:\/\/richter.ceo\/coxs\/en\/#organization"},"potentialAction":[{"@type":"SearchAction","target":{"@type":"EntryPoint","urlTemplate":"https:\/\/richter.ceo\/coxs\/en\/?s={search_term_string}"},"query-input":{"@type":"PropertyValueSpecification","valueRequired":true,"valueName":"search_term_string"}}],"inLanguage":"cs"},{"@type":"Organization","@id":"https:\/\/richter.ceo\/coxs\/en\/#organization","name":"COXS CLUB","url":"https:\/\/richter.ceo\/coxs\/en\/","logo":{"@type":"ImageObject","inLanguage":"cs","@id":"https:\/\/richter.ceo\/coxs\/en\/#\/schema\/logo\/image\/","url":"http:\/\/richter.ceo\/coxs\/wp-content\/uploads\/sites\/4\/2025\/05\/FAVICON-dark.webp","contentUrl":"http:\/\/richter.ceo\/coxs\/wp-content\/uploads\/sites\/4\/2025\/05\/FAVICON-dark.webp","width":512,"height":512,"caption":"COXS CLUB"},"image":{"@id":"https:\/\/richter.ceo\/coxs\/en\/#\/schema\/logo\/image\/"},"sameAs":["https:\/\/www.facebook.com\/profile.php?id=100088204002615","https:\/\/www.instagram.com\/coxs_coxs\/"]}]}},"_links":{"self":[{"href":"https:\/\/richter.ceo\/coxs\/wp-json\/wp\/v2\/product\/1404","targetHints":{"allow":["GET"]}}],"collection":[{"href":"https:\/\/richter.ceo\/coxs\/wp-json\/wp\/v2\/product"}],"about":[{"href":"https:\/\/richter.ceo\/coxs\/wp-json\/wp\/v2\/types\/product"}],"wp:featuredmedia":[{"embeddable":true,"href":"https:\/\/richter.ceo\/coxs\/wp-json\/wp\/v2\/media\/1271"}],"wp:attachment":[{"href":"https:\/\/richter.ceo\/coxs\/wp-json\/wp\/v2\/media?parent=1404"}],"wp:term":[{"taxonomy":"product_brand","embeddable":true,"href":"https:\/\/richter.ceo\/coxs\/wp-json\/wp\/v2\/product_brand?post=1404"},{"taxonomy":"product_cat","embeddable":true,"href":"https:\/\/richter.ceo\/coxs\/wp-json\/wp\/v2\/product_cat?post=1404"},{"taxonomy":"product_tag","embeddable":true,"href":"https:\/\/richter.ceo\/coxs\/wp-json\/wp\/v2\/product_tag?post=1404"}],"curies":[{"name":"wp","href":"https:\/\/api.w.org\/{rel}","templated":true}]}}