{"id":1406,"date":"2025-05-14T18:58:32","date_gmt":"2025-05-14T16:58:32","guid":{"rendered":"https:\/\/richter.ceo\/coxs\/?post_type=product&#038;p=1406"},"modified":"2025-05-14T18:58:33","modified_gmt":"2025-05-14T16:58:33","slug":"privateer-navy-yard","status":"publish","type":"product","link":"https:\/\/richter.ceo\/coxs\/produkt\/privateer-navy-yard\/","title":{"rendered":"Privateer Navy Yard"},"content":{"rendered":"<p>Privateer Rum se vyr\u00e1b\u00ed na severov\u00fdchodn\u00edm pob\u0159e\u017e\u00ed ve st\u00e1t\u011b Massachusetts, a to konkr\u00e9tn\u011b v mal\u00e9m m\u011bste\u010dku Ipswitch, kter\u00e9 le\u017e\u00ed p\u0159ibli\u017en\u011b 50 km od Bostonu. Tato americk\u00e1 pal\u00edrna byla sice zalo\u017eena v roce 2011, navazuje ale na bohatou historii rum\u016f z Nov\u00e9 Anglie. V dob\u00e1ch nejv\u011bt\u0161\u00ed lok\u00e1ln\u00ed produkce kolem roku 1770 sm\u011b\u0159ovalo do Nov\u00e9 Anglie \u0161est milion\u016f galon\u016f karibsk\u00e9 melasy, co\u017e lze v p\u0159epo\u010dtu vy\u010d\u00edslit na cca 22,7 milion\u016f litr\u016f. V\u011bt\u0161ina t\u00e9to melasy pak skon\u010dila ve 159 pal\u00edrn\u00e1ch, kter\u00e9 byly v t\u00e9 dob\u011b v Nov\u00e9 Anglii v provozu.<\/p>\n<p>&nbsp;<\/p>\n<p>Sou\u010dasn\u00fd d\u016fraz na popt\u00e1vku po tradi\u010dn\u00edch lok\u00e1ln\u00edch produktech vr\u00e1til rum na v\u00fdslun\u00ed, a pr\u00e1v\u011b tady za\u010d\u00edn\u00e1 p\u0159\u00edb\u011bh zakladatele zna\u010dky jm\u00e9nem Andrew Cabot, jen\u017e odkazuje na jeho stejnojmenn\u00e9ho p\u0159edka, americk\u00e9ho obchodn\u00edka, v\u00fdrobce rumu a korz\u00e1ra, kter\u00fd se svou flotilou, skl\u00e1daj\u00edc\u00ed se z v\u00edce ne\u017e 25 lod\u00ed, pa\u0161oval melasu do Severn\u00ed Ameriky.<\/p>\n<p>&nbsp;<\/p>\n<p>V sou\u010dasnosti je Privateer Rum Distillery pova\u017eov\u00e1n za symbol vysoce kvalitn\u00edho rumu ze Spojen\u00fdch st\u00e1t\u016f, kter\u00fd pom\u00e1h\u00e1 redefinovat ur\u010dit\u00fd styl rumu, kter\u00fd je typick\u00fd pro oblast Nov\u00e9 Anglie.<\/p>\n<p>&nbsp;<\/p>\n<p>Privateer Rum Distillery pou\u017e\u00edv\u00e1 jen tzv. single-origin melasu z Guatemaly v kvalit\u011b \u201eA grade\u201c, kter\u00e1 je \u0159adou v\u00fdrobc\u016f pova\u017eov\u00e1na za jednu z nejautenti\u010dt\u011bj\u0161\u00edch variant p\u0159ipom\u00ednaj\u00edc\u00edch melasu proud\u00edc\u00ed do Ameriky v 18. stolet\u00ed. Fermentace se odehr\u00e1v\u00e1 v nerezov\u00fdch tanc\u00edch po dobu \u0161esti dn\u016f p\u0159i teplot\u011b 23-26\u00b0C. Nejd\u016fle\u017eit\u011bj\u0161\u00ed \u010d\u00e1st\u00ed je ale dvojn\u00e1sobn\u00e1 destilace, kter\u00e1 nejprve prob\u00edh\u00e1 v kotl\u00edkov\u00e9m destila\u010dn\u00edm za\u0159\u00edzen\u00ed od spole\u010dnosti Vendome z Kentucky, aby n\u00e1sledn\u011b p\u0159i\u0161lo zakon\u010den\u00ed na hybridn\u00edm destila\u010dn\u00edm za\u0159\u00edzen\u00ed od n\u011bmeck\u00e9 spole\u010dnosti Carl, kter\u00e9 kombinuje kotl\u00edkovou i kolonovou destilaci, co\u017e poskytuje v\u00fdrobci v\u011bt\u0161\u00ed pole p\u016fsobnosti v ot\u00e1zce, jak\u00fd charakter chce pro v\u00fdsledn\u00fd produkt zvolit.<\/p>\n<p>&nbsp;<\/p>\n<p>Rumy Privateer zraj\u00ed v sudech z americk\u00e9ho b\u00edl\u00e9ho dubu o kapacit\u011b cca 200 litr\u016f. Tyto sudy jsou z celkov\u00fdch sedmi stup\u0148\u016f klasifikovan\u00fdch americkou Independent Stave Company vyp\u00e1leny na \u00farove\u0148 zn\u00e1mou jako char#3, kdy sud podl\u00e9h\u00e1 vypalov\u00e1n\u00ed po dobu 35 sekund.<\/p>\n<p>&nbsp;<\/p>\n<div class=\"elementor-column elementor-col-50 elementor-inner-column elementor-element elementor-element-df5ea97\" data-id=\"df5ea97\" data-element_type=\"column\">\n<div class=\"elementor-widget-wrap elementor-element-populated\">\n<div class=\"elementor-element elementor-element-5f45f876 elementor-widget elementor-widget-woocommerce-product-short-description\" data-id=\"5f45f876\" data-element_type=\"widget\" data-widget_type=\"woocommerce-product-short-description.default\">\n<div class=\"elementor-widget-container\">\n<div class=\"woocommerce-product-details__short-description\">\n<p>Privateer Navy Yard se vyr\u00e1b\u00ed po vzoru tradi\u010dn\u00edch rum\u016f z Nov\u00e9 Anglie a zraje 2 roky v nov\u00fdch sudech z americk\u00e9ho dubu. Vyzna\u010duje se m\u011bd\u011bnou barvou, v\u00fdrazn\u00fdm aroma a suchou plnou chut\u00ed s t\u00f3ny d\u0159eva. P\u0159i pou\u017eit\u00ed nap\u0159\u00edklad v koktejlu Daiquiri dod\u00e1v\u00e1 sametovou texturu a hlubok\u00e9 t\u00f3ny sladk\u00e9ho pe\u010diva, hn\u011bd\u00e9ho m\u00e1sla, vaje\u010dn\u00e9ho kr\u00e9mu, meru\u0148kov\u00e9ho d\u017eemu, l\u00edskov\u00fdch o\u0159\u00ed\u0161k\u016f a su\u0161en\u00fdch f\u00edk\u016f.<\/p>\n<\/div>\n<\/div>\n<\/div>\n<\/div>\n<\/div>\n","protected":false},"excerpt":{"rendered":"<p>Privateer Rum se vyr\u00e1b\u00ed na severov\u00fdchodn\u00edm pob\u0159e\u017e\u00ed ve st\u00e1t\u011b Massachusetts, a to konkr\u00e9tn\u011b v mal\u00e9m m\u011bste\u010dku Ipswitch, kter\u00e9 le\u017e\u00ed p\u0159ibli\u017en\u011b 50 km od Bostonu. Tato americk\u00e1 pal\u00edrna byla sice zalo\u017eena v roce 2011, navazuje ale na bohatou historii rum\u016f z Nov\u00e9 Anglie. V dob\u00e1ch nejv\u011bt\u0161\u00ed lok\u00e1ln\u00ed produkce kolem roku 1770 sm\u011b\u0159ovalo do Nov\u00e9 Anglie \u0161est [&hellip;]<\/p>\n","protected":false},"featured_media":1280,"template":"","meta":{"_acf_changed":false},"product_brand":[243],"product_cat":[117],"product_tag":[],"class_list":{"0":"post-1406","1":"product","2":"type-product","3":"status-publish","4":"has-post-thumbnail","6":"product_brand-privateer","7":"product_cat-rum","8":"pa_cena-za-004-l","9":"pa_obsah-alkoholu-244","11":"first","12":"instock","13":"shipping-taxable","14":"purchasable","15":"product-type-simple"},"acf":[],"yoast_head":"<!-- This site is optimized with the Yoast SEO plugin v27.5 - https:\/\/yoast.com\/product\/yoast-seo-wordpress\/ -->\n<title>Privateer Navy Yard<\/title>\n<meta name=\"description\" content=\"Privateer Rum se vyr\u00e1b\u00ed na severov\u00fdchodn\u00edm pob\u0159e\u017e\u00ed ve st\u00e1t\u011b Massachusetts, a to konkr\u00e9tn\u011b v mal\u00e9m m\u011bste\u010dku Ipswitch, kter\u00e9 le\u017e\u00ed p\u0159ibli\u017en\u011b 50 km od\" \/>\n<meta name=\"robots\" content=\"index, follow, max-snippet:-1, max-image-preview:large, max-video-preview:-1\" \/>\n<link rel=\"canonical\" href=\"https:\/\/richter.ceo\/coxs\/produkt\/privateer-navy-yard\/\" \/>\n<meta property=\"og:locale\" content=\"cs_CZ\" \/>\n<meta property=\"og:type\" content=\"article\" \/>\n<meta property=\"og:title\" content=\"Privateer Navy Yard\" \/>\n<meta property=\"og:description\" content=\"Privateer Rum se vyr\u00e1b\u00ed na severov\u00fdchodn\u00edm pob\u0159e\u017e\u00ed ve st\u00e1t\u011b Massachusetts, a to konkr\u00e9tn\u011b v mal\u00e9m m\u011bste\u010dku Ipswitch, kter\u00e9 le\u017e\u00ed p\u0159ibli\u017en\u011b 50 km od\" \/>\n<meta property=\"og:url\" content=\"https:\/\/richter.ceo\/coxs\/produkt\/privateer-navy-yard\/\" \/>\n<meta property=\"og:site_name\" content=\"COXS CLUB\" \/>\n<meta property=\"article:publisher\" content=\"https:\/\/www.facebook.com\/profile.php?id=100088204002615\" \/>\n<meta property=\"article:modified_time\" content=\"2025-05-14T16:58:33+00:00\" \/>\n<meta property=\"og:image\" content=\"https:\/\/richter.ceo\/coxs\/wp-content\/uploads\/sites\/4\/2025\/05\/3335_privateer_navy_yard.jpg\" \/>\n\t<meta property=\"og:image:width\" content=\"600\" \/>\n\t<meta property=\"og:image:height\" content=\"711\" \/>\n\t<meta property=\"og:image:type\" content=\"image\/jpeg\" \/>\n<meta name=\"twitter:card\" content=\"summary_large_image\" \/>\n<meta name=\"twitter:label1\" content=\"Odhadovan\u00e1 doba \u010dten\u00ed\" \/>\n\t<meta name=\"twitter:data1\" content=\"3 minuty\" \/>\n<script type=\"application\/ld+json\" class=\"yoast-schema-graph\">{\"@context\":\"https:\\\/\\\/schema.org\",\"@graph\":[{\"@type\":\"WebPage\",\"@id\":\"https:\\\/\\\/richter.ceo\\\/coxs\\\/produkt\\\/privateer-navy-yard\\\/\",\"url\":\"https:\\\/\\\/richter.ceo\\\/coxs\\\/produkt\\\/privateer-navy-yard\\\/\",\"name\":\"Privateer Navy Yard\",\"isPartOf\":{\"@id\":\"https:\\\/\\\/richter.ceo\\\/coxs\\\/en\\\/#website\"},\"primaryImageOfPage\":{\"@id\":\"https:\\\/\\\/richter.ceo\\\/coxs\\\/produkt\\\/privateer-navy-yard\\\/#primaryimage\"},\"image\":{\"@id\":\"https:\\\/\\\/richter.ceo\\\/coxs\\\/produkt\\\/privateer-navy-yard\\\/#primaryimage\"},\"thumbnailUrl\":\"https:\\\/\\\/richter.ceo\\\/coxs\\\/wp-content\\\/uploads\\\/sites\\\/4\\\/2025\\\/05\\\/3335_privateer_navy_yard.jpg\",\"datePublished\":\"2025-05-14T16:58:32+00:00\",\"dateModified\":\"2025-05-14T16:58:33+00:00\",\"description\":\"Privateer Rum se vyr\u00e1b\u00ed na severov\u00fdchodn\u00edm pob\u0159e\u017e\u00ed ve st\u00e1t\u011b Massachusetts, a to konkr\u00e9tn\u011b v mal\u00e9m m\u011bste\u010dku Ipswitch, kter\u00e9 le\u017e\u00ed p\u0159ibli\u017en\u011b 50 km od\",\"breadcrumb\":{\"@id\":\"https:\\\/\\\/richter.ceo\\\/coxs\\\/produkt\\\/privateer-navy-yard\\\/#breadcrumb\"},\"inLanguage\":\"cs\",\"potentialAction\":[{\"@type\":\"ReadAction\",\"target\":[\"https:\\\/\\\/richter.ceo\\\/coxs\\\/produkt\\\/privateer-navy-yard\\\/\"]}]},{\"@type\":\"ImageObject\",\"inLanguage\":\"cs\",\"@id\":\"https:\\\/\\\/richter.ceo\\\/coxs\\\/produkt\\\/privateer-navy-yard\\\/#primaryimage\",\"url\":\"https:\\\/\\\/richter.ceo\\\/coxs\\\/wp-content\\\/uploads\\\/sites\\\/4\\\/2025\\\/05\\\/3335_privateer_navy_yard.jpg\",\"contentUrl\":\"https:\\\/\\\/richter.ceo\\\/coxs\\\/wp-content\\\/uploads\\\/sites\\\/4\\\/2025\\\/05\\\/3335_privateer_navy_yard.jpg\",\"width\":600,\"height\":711,\"caption\":\"COXS CLUB\"},{\"@type\":\"BreadcrumbList\",\"@id\":\"https:\\\/\\\/richter.ceo\\\/coxs\\\/produkt\\\/privateer-navy-yard\\\/#breadcrumb\",\"itemListElement\":[{\"@type\":\"ListItem\",\"position\":1,\"name\":\"Dom\u016f\",\"item\":\"https:\\\/\\\/richter.ceo\\\/coxs\\\/\"},{\"@type\":\"ListItem\",\"position\":2,\"name\":\"N\u00c1POJE\",\"item\":\"https:\\\/\\\/richter.ceo\\\/coxs\\\/en\\\/napoje\\\/\"},{\"@type\":\"ListItem\",\"position\":3,\"name\":\"Privateer Navy Yard\"}]},{\"@type\":\"WebSite\",\"@id\":\"https:\\\/\\\/richter.ceo\\\/coxs\\\/en\\\/#website\",\"url\":\"https:\\\/\\\/richter.ceo\\\/coxs\\\/en\\\/\",\"name\":\"COXS CLUB\",\"description\":\"Beton a Rum\",\"publisher\":{\"@id\":\"https:\\\/\\\/richter.ceo\\\/coxs\\\/en\\\/#organization\"},\"potentialAction\":[{\"@type\":\"SearchAction\",\"target\":{\"@type\":\"EntryPoint\",\"urlTemplate\":\"https:\\\/\\\/richter.ceo\\\/coxs\\\/en\\\/?s={search_term_string}\"},\"query-input\":{\"@type\":\"PropertyValueSpecification\",\"valueRequired\":true,\"valueName\":\"search_term_string\"}}],\"inLanguage\":\"cs\"},{\"@type\":\"Organization\",\"@id\":\"https:\\\/\\\/richter.ceo\\\/coxs\\\/en\\\/#organization\",\"name\":\"COXS CLUB\",\"url\":\"https:\\\/\\\/richter.ceo\\\/coxs\\\/en\\\/\",\"logo\":{\"@type\":\"ImageObject\",\"inLanguage\":\"cs\",\"@id\":\"https:\\\/\\\/richter.ceo\\\/coxs\\\/en\\\/#\\\/schema\\\/logo\\\/image\\\/\",\"url\":\"http:\\\/\\\/richter.ceo\\\/coxs\\\/wp-content\\\/uploads\\\/sites\\\/4\\\/2025\\\/05\\\/FAVICON-dark.webp\",\"contentUrl\":\"http:\\\/\\\/richter.ceo\\\/coxs\\\/wp-content\\\/uploads\\\/sites\\\/4\\\/2025\\\/05\\\/FAVICON-dark.webp\",\"width\":512,\"height\":512,\"caption\":\"COXS CLUB\"},\"image\":{\"@id\":\"https:\\\/\\\/richter.ceo\\\/coxs\\\/en\\\/#\\\/schema\\\/logo\\\/image\\\/\"},\"sameAs\":[\"https:\\\/\\\/www.facebook.com\\\/profile.php?id=100088204002615\",\"https:\\\/\\\/www.instagram.com\\\/coxs_coxs\\\/\"]}]}<\/script>\n<!-- \/ Yoast SEO plugin. -->","yoast_head_json":{"title":"Privateer Navy Yard","description":"Privateer Rum se vyr\u00e1b\u00ed na severov\u00fdchodn\u00edm pob\u0159e\u017e\u00ed ve st\u00e1t\u011b Massachusetts, a to konkr\u00e9tn\u011b v mal\u00e9m m\u011bste\u010dku Ipswitch, kter\u00e9 le\u017e\u00ed p\u0159ibli\u017en\u011b 50 km od","robots":{"index":"index","follow":"follow","max-snippet":"max-snippet:-1","max-image-preview":"max-image-preview:large","max-video-preview":"max-video-preview:-1"},"canonical":"https:\/\/richter.ceo\/coxs\/produkt\/privateer-navy-yard\/","og_locale":"cs_CZ","og_type":"article","og_title":"Privateer Navy Yard","og_description":"Privateer Rum se vyr\u00e1b\u00ed na severov\u00fdchodn\u00edm pob\u0159e\u017e\u00ed ve st\u00e1t\u011b Massachusetts, a to konkr\u00e9tn\u011b v mal\u00e9m m\u011bste\u010dku Ipswitch, kter\u00e9 le\u017e\u00ed p\u0159ibli\u017en\u011b 50 km od","og_url":"https:\/\/richter.ceo\/coxs\/produkt\/privateer-navy-yard\/","og_site_name":"COXS CLUB","article_publisher":"https:\/\/www.facebook.com\/profile.php?id=100088204002615","article_modified_time":"2025-05-14T16:58:33+00:00","og_image":[{"width":600,"height":711,"url":"https:\/\/richter.ceo\/coxs\/wp-content\/uploads\/sites\/4\/2025\/05\/3335_privateer_navy_yard.jpg","type":"image\/jpeg"}],"twitter_card":"summary_large_image","twitter_misc":{"Odhadovan\u00e1 doba \u010dten\u00ed":"3 minuty"},"schema":{"@context":"https:\/\/schema.org","@graph":[{"@type":"WebPage","@id":"https:\/\/richter.ceo\/coxs\/produkt\/privateer-navy-yard\/","url":"https:\/\/richter.ceo\/coxs\/produkt\/privateer-navy-yard\/","name":"Privateer Navy Yard","isPartOf":{"@id":"https:\/\/richter.ceo\/coxs\/en\/#website"},"primaryImageOfPage":{"@id":"https:\/\/richter.ceo\/coxs\/produkt\/privateer-navy-yard\/#primaryimage"},"image":{"@id":"https:\/\/richter.ceo\/coxs\/produkt\/privateer-navy-yard\/#primaryimage"},"thumbnailUrl":"https:\/\/richter.ceo\/coxs\/wp-content\/uploads\/sites\/4\/2025\/05\/3335_privateer_navy_yard.jpg","datePublished":"2025-05-14T16:58:32+00:00","dateModified":"2025-05-14T16:58:33+00:00","description":"Privateer Rum se vyr\u00e1b\u00ed na severov\u00fdchodn\u00edm pob\u0159e\u017e\u00ed ve st\u00e1t\u011b Massachusetts, a to konkr\u00e9tn\u011b v mal\u00e9m m\u011bste\u010dku Ipswitch, kter\u00e9 le\u017e\u00ed p\u0159ibli\u017en\u011b 50 km od","breadcrumb":{"@id":"https:\/\/richter.ceo\/coxs\/produkt\/privateer-navy-yard\/#breadcrumb"},"inLanguage":"cs","potentialAction":[{"@type":"ReadAction","target":["https:\/\/richter.ceo\/coxs\/produkt\/privateer-navy-yard\/"]}]},{"@type":"ImageObject","inLanguage":"cs","@id":"https:\/\/richter.ceo\/coxs\/produkt\/privateer-navy-yard\/#primaryimage","url":"https:\/\/richter.ceo\/coxs\/wp-content\/uploads\/sites\/4\/2025\/05\/3335_privateer_navy_yard.jpg","contentUrl":"https:\/\/richter.ceo\/coxs\/wp-content\/uploads\/sites\/4\/2025\/05\/3335_privateer_navy_yard.jpg","width":600,"height":711,"caption":"COXS CLUB"},{"@type":"BreadcrumbList","@id":"https:\/\/richter.ceo\/coxs\/produkt\/privateer-navy-yard\/#breadcrumb","itemListElement":[{"@type":"ListItem","position":1,"name":"Dom\u016f","item":"https:\/\/richter.ceo\/coxs\/"},{"@type":"ListItem","position":2,"name":"N\u00c1POJE","item":"https:\/\/richter.ceo\/coxs\/en\/napoje\/"},{"@type":"ListItem","position":3,"name":"Privateer Navy Yard"}]},{"@type":"WebSite","@id":"https:\/\/richter.ceo\/coxs\/en\/#website","url":"https:\/\/richter.ceo\/coxs\/en\/","name":"COXS CLUB","description":"Beton a Rum","publisher":{"@id":"https:\/\/richter.ceo\/coxs\/en\/#organization"},"potentialAction":[{"@type":"SearchAction","target":{"@type":"EntryPoint","urlTemplate":"https:\/\/richter.ceo\/coxs\/en\/?s={search_term_string}"},"query-input":{"@type":"PropertyValueSpecification","valueRequired":true,"valueName":"search_term_string"}}],"inLanguage":"cs"},{"@type":"Organization","@id":"https:\/\/richter.ceo\/coxs\/en\/#organization","name":"COXS CLUB","url":"https:\/\/richter.ceo\/coxs\/en\/","logo":{"@type":"ImageObject","inLanguage":"cs","@id":"https:\/\/richter.ceo\/coxs\/en\/#\/schema\/logo\/image\/","url":"http:\/\/richter.ceo\/coxs\/wp-content\/uploads\/sites\/4\/2025\/05\/FAVICON-dark.webp","contentUrl":"http:\/\/richter.ceo\/coxs\/wp-content\/uploads\/sites\/4\/2025\/05\/FAVICON-dark.webp","width":512,"height":512,"caption":"COXS CLUB"},"image":{"@id":"https:\/\/richter.ceo\/coxs\/en\/#\/schema\/logo\/image\/"},"sameAs":["https:\/\/www.facebook.com\/profile.php?id=100088204002615","https:\/\/www.instagram.com\/coxs_coxs\/"]}]}},"_links":{"self":[{"href":"https:\/\/richter.ceo\/coxs\/wp-json\/wp\/v2\/product\/1406","targetHints":{"allow":["GET"]}}],"collection":[{"href":"https:\/\/richter.ceo\/coxs\/wp-json\/wp\/v2\/product"}],"about":[{"href":"https:\/\/richter.ceo\/coxs\/wp-json\/wp\/v2\/types\/product"}],"wp:featuredmedia":[{"embeddable":true,"href":"https:\/\/richter.ceo\/coxs\/wp-json\/wp\/v2\/media\/1280"}],"wp:attachment":[{"href":"https:\/\/richter.ceo\/coxs\/wp-json\/wp\/v2\/media?parent=1406"}],"wp:term":[{"taxonomy":"product_brand","embeddable":true,"href":"https:\/\/richter.ceo\/coxs\/wp-json\/wp\/v2\/product_brand?post=1406"},{"taxonomy":"product_cat","embeddable":true,"href":"https:\/\/richter.ceo\/coxs\/wp-json\/wp\/v2\/product_cat?post=1406"},{"taxonomy":"product_tag","embeddable":true,"href":"https:\/\/richter.ceo\/coxs\/wp-json\/wp\/v2\/product_tag?post=1406"}],"curies":[{"name":"wp","href":"https:\/\/api.w.org\/{rel}","templated":true}]}}